{"id":24438,"date":"2025-03-13T11:12:06","date_gmt":"2025-03-13T10:12:06","guid":{"rendered":"https:\/\/kultur-mitte.de\/?post_type=ct_events&#038;p=24438"},"modified":"2025-03-13T11:12:11","modified_gmt":"2025-03-13T10:12:11","slug":"workshop-mit-belia-brueckner-turning-societal-problems-into-crimes","status":"publish","type":"ct_events","link":"https:\/\/kultur-mitte.de\/en\/events\/if-my-neighbour-is-okay-im-okay\/workshop-mit-belia-brueckner-turning-societal-problems-into-crimes\/","title":{"rendered":"Workshop mit Belia Br\u00fcckner: &#8220;turning societal problems into crimes&#8221;"},"content":{"rendered":"\n<p>Die K\u00fcnstlerin Belia Br\u00fcckner l\u00e4dt im Rahmen ihrer Serie Recipes for Freedom dazu ein, gemeinsam Postkarten an Gefangene zu schreibe. Der Workshop bietet Raum f\u00fcr eine kritische Reflexion \u00fcber das Justizsystem und erm\u00f6glicht durch die direkte Kommunikation mit Inhaftierten neue Perspektiven auf gesellschaftliche Probleme, die zu Straftaten umdefiniert werden.<\/p>\n","protected":false},"excerpt":{"rendered":"<p>Die K\u00fcnstlerin Belia Br\u00fcckner l\u00e4dt im Rahmen ihrer Serie Recipes for Freedom dazu ein, gemeinsam Postkarten an Gefangene zu schreibe. Der Workshop bietet Raum f\u00fcr eine kritische Reflexion \u00fcber das Justizsystem und erm\u00f6glicht durch die direkte Kommunikation mit Inhaftierten neue Perspektiven auf gesellschaftliche Probleme, die zu Straftaten umdefiniert werden.<\/p>\n","protected":false},"author":23,"featured_media":24259,"parent":24258,"menu_order":182,"comment_status":"closed","ping_status":"closed","template":"","meta":{"_acf_changed":false,"footnotes":""},"events_cat":[118],"class_list":["post-24438","ct_events","type-ct_events","status-publish","has-post-thumbnail","hentry","events_cat-workshop"],"acf":[],"yoast_head":"<!-- This site is optimized with the Yoast SEO plugin v27.5 - https:\/\/yoast.com\/product\/yoast-seo-wordpress\/ -->\n<title>Workshop mit Belia Br\u00fcckner: &quot;turning societal problems into crimes&quot; - Kultur Mitte<\/title>\n<meta name=\"robots\" content=\"index, follow, max-snippet:-1, max-image-preview:large, max-video-preview:-1\" \/>\n<link rel=\"canonical\" href=\"https:\/\/kultur-mitte.de\/en\/events\/if-my-neighbour-is-okay-im-okay\/workshop-mit-belia-brueckner-turning-societal-problems-into-crimes\/\" \/>\n<meta property=\"og:locale\" content=\"en_US\" \/>\n<meta property=\"og:type\" content=\"article\" \/>\n<meta property=\"og:title\" content=\"Workshop mit Belia Br\u00fcckner: &quot;turning societal problems into crimes&quot; - Kultur Mitte\" \/>\n<meta property=\"og:description\" content=\"Die K\u00fcnstlerin Belia Br\u00fcckner l\u00e4dt im Rahmen ihrer Serie Recipes for Freedom dazu ein, gemeinsam Postkarten an Gefangene zu schreibe. Der Workshop bietet Raum f\u00fcr eine kritische Reflexion \u00fcber das Justizsystem und erm\u00f6glicht durch die direkte Kommunikation mit Inhaftierten neue Perspektiven auf gesellschaftliche Probleme, die zu Straftaten umdefiniert werden.\" \/>\n<meta property=\"og:url\" content=\"https:\/\/kultur-mitte.de\/en\/events\/if-my-neighbour-is-okay-im-okay\/workshop-mit-belia-brueckner-turning-societal-problems-into-crimes\/\" \/>\n<meta property=\"og:site_name\" content=\"Kultur Mitte\" \/>\n<meta property=\"article:publisher\" content=\"https:\/\/www.facebook.com\/kulturmitte\/?locale=de_DE\" \/>\n<meta property=\"article:modified_time\" content=\"2025-03-13T10:12:11+00:00\" \/>\n<meta property=\"og:image\" content=\"https:\/\/kultur-mitte.de\/wp-content\/uploads\/2025\/02\/BZ-Flyer-2025-730x1024-1.jpg\" \/>\n\t<meta property=\"og:image:width\" content=\"730\" \/>\n\t<meta property=\"og:image:height\" content=\"1024\" \/>\n\t<meta property=\"og:image:type\" content=\"image\/jpeg\" \/>\n<meta name=\"twitter:card\" content=\"summary_large_image\" \/>\n<meta name=\"twitter:label1\" content=\"Est. reading time\" \/>\n\t<meta name=\"twitter:data1\" content=\"1 minute\" \/>\n<script type=\"application\/ld+json\" class=\"yoast-schema-graph\">{\"@context\":\"https:\\\/\\\/schema.org\",\"@graph\":[{\"@type\":\"WebPage\",\"@id\":\"https:\\\/\\\/kultur-mitte.de\\\/en\\\/events\\\/if-my-neighbour-is-okay-im-okay\\\/workshop-mit-belia-brueckner-turning-societal-problems-into-crimes\\\/\",\"url\":\"https:\\\/\\\/kultur-mitte.de\\\/en\\\/events\\\/if-my-neighbour-is-okay-im-okay\\\/workshop-mit-belia-brueckner-turning-societal-problems-into-crimes\\\/\",\"name\":\"Workshop mit Belia Br\u00fcckner: \\\"turning societal problems into crimes\\\" - Kultur Mitte\",\"isPartOf\":{\"@id\":\"https:\\\/\\\/kultur-mitte.de\\\/en\\\/#website\"},\"primaryImageOfPage\":{\"@id\":\"https:\\\/\\\/kultur-mitte.de\\\/en\\\/events\\\/if-my-neighbour-is-okay-im-okay\\\/workshop-mit-belia-brueckner-turning-societal-problems-into-crimes\\\/#primaryimage\"},\"image\":{\"@id\":\"https:\\\/\\\/kultur-mitte.de\\\/en\\\/events\\\/if-my-neighbour-is-okay-im-okay\\\/workshop-mit-belia-brueckner-turning-societal-problems-into-crimes\\\/#primaryimage\"},\"thumbnailUrl\":\"https:\\\/\\\/kultur-mitte.de\\\/wp-content\\\/uploads\\\/2025\\\/02\\\/BZ-Flyer-2025-730x1024-1.jpg\",\"datePublished\":\"2025-03-13T10:12:06+00:00\",\"dateModified\":\"2025-03-13T10:12:11+00:00\",\"breadcrumb\":{\"@id\":\"https:\\\/\\\/kultur-mitte.de\\\/en\\\/events\\\/if-my-neighbour-is-okay-im-okay\\\/workshop-mit-belia-brueckner-turning-societal-problems-into-crimes\\\/#breadcrumb\"},\"inLanguage\":\"en-US\",\"potentialAction\":[{\"@type\":\"ReadAction\",\"target\":[\"https:\\\/\\\/kultur-mitte.de\\\/en\\\/events\\\/if-my-neighbour-is-okay-im-okay\\\/workshop-mit-belia-brueckner-turning-societal-problems-into-crimes\\\/\"]}]},{\"@type\":\"ImageObject\",\"inLanguage\":\"en-US\",\"@id\":\"https:\\\/\\\/kultur-mitte.de\\\/en\\\/events\\\/if-my-neighbour-is-okay-im-okay\\\/workshop-mit-belia-brueckner-turning-societal-problems-into-crimes\\\/#primaryimage\",\"url\":\"https:\\\/\\\/kultur-mitte.de\\\/wp-content\\\/uploads\\\/2025\\\/02\\\/BZ-Flyer-2025-730x1024-1.jpg\",\"contentUrl\":\"https:\\\/\\\/kultur-mitte.de\\\/wp-content\\\/uploads\\\/2025\\\/02\\\/BZ-Flyer-2025-730x1024-1.jpg\",\"width\":730,\"height\":1024},{\"@type\":\"BreadcrumbList\",\"@id\":\"https:\\\/\\\/kultur-mitte.de\\\/en\\\/events\\\/if-my-neighbour-is-okay-im-okay\\\/workshop-mit-belia-brueckner-turning-societal-problems-into-crimes\\\/#breadcrumb\",\"itemListElement\":[{\"@type\":\"ListItem\",\"position\":1,\"name\":\"Home\",\"item\":\"https:\\\/\\\/kultur-mitte.de\\\/en\\\/\"},{\"@type\":\"ListItem\",\"position\":2,\"name\":\"Termine\",\"item\":\"https:\\\/\\\/kultur-mitte.de\\\/en\\\/events\\\/\"},{\"@type\":\"ListItem\",\"position\":3,\"name\":\"If my neighbour is okay, I&#8217;m okay\",\"item\":\"https:\\\/\\\/kultur-mitte.de\\\/en\\\/events\\\/if-my-neighbour-is-okay-im-okay\\\/\"},{\"@type\":\"ListItem\",\"position\":4,\"name\":\"Workshop mit Belia Br\u00fcckner: &#8222;turning societal problems into crimes&#8220;\"}]},{\"@type\":\"WebSite\",\"@id\":\"https:\\\/\\\/kultur-mitte.de\\\/en\\\/#website\",\"url\":\"https:\\\/\\\/kultur-mitte.de\\\/en\\\/\",\"name\":\"Kultur Mitte\",\"description\":\"\",\"potentialAction\":[{\"@type\":\"SearchAction\",\"target\":{\"@type\":\"EntryPoint\",\"urlTemplate\":\"https:\\\/\\\/kultur-mitte.de\\\/en\\\/?s={search_term_string}\"},\"query-input\":{\"@type\":\"PropertyValueSpecification\",\"valueRequired\":true,\"valueName\":\"search_term_string\"}}],\"inLanguage\":\"en-US\"}]}<\/script>\n<!-- \/ Yoast SEO plugin. -->","yoast_head_json":{"title":"Workshop mit Belia Br\u00fcckner: \"turning societal problems into crimes\" - Kultur Mitte","robots":{"index":"index","follow":"follow","max-snippet":"max-snippet:-1","max-image-preview":"max-image-preview:large","max-video-preview":"max-video-preview:-1"},"canonical":"https:\/\/kultur-mitte.de\/en\/events\/if-my-neighbour-is-okay-im-okay\/workshop-mit-belia-brueckner-turning-societal-problems-into-crimes\/","og_locale":"en_US","og_type":"article","og_title":"Workshop mit Belia Br\u00fcckner: \"turning societal problems into crimes\" - Kultur Mitte","og_description":"Die K\u00fcnstlerin Belia Br\u00fcckner l\u00e4dt im Rahmen ihrer Serie Recipes for Freedom dazu ein, gemeinsam Postkarten an Gefangene zu schreibe. Der Workshop bietet Raum f\u00fcr eine kritische Reflexion \u00fcber das Justizsystem und erm\u00f6glicht durch die direkte Kommunikation mit Inhaftierten neue Perspektiven auf gesellschaftliche Probleme, die zu Straftaten umdefiniert werden.","og_url":"https:\/\/kultur-mitte.de\/en\/events\/if-my-neighbour-is-okay-im-okay\/workshop-mit-belia-brueckner-turning-societal-problems-into-crimes\/","og_site_name":"Kultur Mitte","article_publisher":"https:\/\/www.facebook.com\/kulturmitte\/?locale=de_DE","article_modified_time":"2025-03-13T10:12:11+00:00","og_image":[{"width":730,"height":1024,"url":"https:\/\/kultur-mitte.de\/wp-content\/uploads\/2025\/02\/BZ-Flyer-2025-730x1024-1.jpg","type":"image\/jpeg"}],"twitter_card":"summary_large_image","twitter_misc":{"Est. reading time":"1 minute"},"schema":{"@context":"https:\/\/schema.org","@graph":[{"@type":"WebPage","@id":"https:\/\/kultur-mitte.de\/en\/events\/if-my-neighbour-is-okay-im-okay\/workshop-mit-belia-brueckner-turning-societal-problems-into-crimes\/","url":"https:\/\/kultur-mitte.de\/en\/events\/if-my-neighbour-is-okay-im-okay\/workshop-mit-belia-brueckner-turning-societal-problems-into-crimes\/","name":"Workshop mit Belia Br\u00fcckner: \"turning societal problems into crimes\" - Kultur Mitte","isPartOf":{"@id":"https:\/\/kultur-mitte.de\/en\/#website"},"primaryImageOfPage":{"@id":"https:\/\/kultur-mitte.de\/en\/events\/if-my-neighbour-is-okay-im-okay\/workshop-mit-belia-brueckner-turning-societal-problems-into-crimes\/#primaryimage"},"image":{"@id":"https:\/\/kultur-mitte.de\/en\/events\/if-my-neighbour-is-okay-im-okay\/workshop-mit-belia-brueckner-turning-societal-problems-into-crimes\/#primaryimage"},"thumbnailUrl":"https:\/\/kultur-mitte.de\/wp-content\/uploads\/2025\/02\/BZ-Flyer-2025-730x1024-1.jpg","datePublished":"2025-03-13T10:12:06+00:00","dateModified":"2025-03-13T10:12:11+00:00","breadcrumb":{"@id":"https:\/\/kultur-mitte.de\/en\/events\/if-my-neighbour-is-okay-im-okay\/workshop-mit-belia-brueckner-turning-societal-problems-into-crimes\/#breadcrumb"},"inLanguage":"en-US","potentialAction":[{"@type":"ReadAction","target":["https:\/\/kultur-mitte.de\/en\/events\/if-my-neighbour-is-okay-im-okay\/workshop-mit-belia-brueckner-turning-societal-problems-into-crimes\/"]}]},{"@type":"ImageObject","inLanguage":"en-US","@id":"https:\/\/kultur-mitte.de\/en\/events\/if-my-neighbour-is-okay-im-okay\/workshop-mit-belia-brueckner-turning-societal-problems-into-crimes\/#primaryimage","url":"https:\/\/kultur-mitte.de\/wp-content\/uploads\/2025\/02\/BZ-Flyer-2025-730x1024-1.jpg","contentUrl":"https:\/\/kultur-mitte.de\/wp-content\/uploads\/2025\/02\/BZ-Flyer-2025-730x1024-1.jpg","width":730,"height":1024},{"@type":"BreadcrumbList","@id":"https:\/\/kultur-mitte.de\/en\/events\/if-my-neighbour-is-okay-im-okay\/workshop-mit-belia-brueckner-turning-societal-problems-into-crimes\/#breadcrumb","itemListElement":[{"@type":"ListItem","position":1,"name":"Home","item":"https:\/\/kultur-mitte.de\/en\/"},{"@type":"ListItem","position":2,"name":"Termine","item":"https:\/\/kultur-mitte.de\/en\/events\/"},{"@type":"ListItem","position":3,"name":"If my neighbour is okay, I&#8217;m okay","item":"https:\/\/kultur-mitte.de\/en\/events\/if-my-neighbour-is-okay-im-okay\/"},{"@type":"ListItem","position":4,"name":"Workshop mit Belia Br\u00fcckner: &#8222;turning societal problems into crimes&#8220;"}]},{"@type":"WebSite","@id":"https:\/\/kultur-mitte.de\/en\/#website","url":"https:\/\/kultur-mitte.de\/en\/","name":"Kultur Mitte","description":"","potentialAction":[{"@type":"SearchAction","target":{"@type":"EntryPoint","urlTemplate":"https:\/\/kultur-mitte.de\/en\/?s={search_term_string}"},"query-input":{"@type":"PropertyValueSpecification","valueRequired":true,"valueName":"search_term_string"}}],"inLanguage":"en-US"}]}},"_links":{"self":[{"href":"https:\/\/kultur-mitte.de\/en\/wp-json\/wp\/v2\/ct_events\/24438","targetHints":{"allow":["GET"]}}],"collection":[{"href":"https:\/\/kultur-mitte.de\/en\/wp-json\/wp\/v2\/ct_events"}],"about":[{"href":"https:\/\/kultur-mitte.de\/en\/wp-json\/wp\/v2\/types\/ct_events"}],"author":[{"embeddable":true,"href":"https:\/\/kultur-mitte.de\/en\/wp-json\/wp\/v2\/users\/23"}],"replies":[{"embeddable":true,"href":"https:\/\/kultur-mitte.de\/en\/wp-json\/wp\/v2\/comments?post=24438"}],"version-history":[{"count":1,"href":"https:\/\/kultur-mitte.de\/en\/wp-json\/wp\/v2\/ct_events\/24438\/revisions"}],"predecessor-version":[{"id":24439,"href":"https:\/\/kultur-mitte.de\/en\/wp-json\/wp\/v2\/ct_events\/24438\/revisions\/24439"}],"up":[{"embeddable":true,"href":"https:\/\/kultur-mitte.de\/en\/wp-json\/wp\/v2\/ct_events\/24258"}],"wp:featuredmedia":[{"embeddable":true,"href":"https:\/\/kultur-mitte.de\/en\/wp-json\/wp\/v2\/media\/24259"}],"wp:attachment":[{"href":"https:\/\/kultur-mitte.de\/en\/wp-json\/wp\/v2\/media?parent=24438"}],"wp:term":[{"taxonomy":"events_cat","embeddable":true,"href":"https:\/\/kultur-mitte.de\/en\/wp-json\/wp\/v2\/events_cat?post=24438"}],"curies":[{"name":"wp","href":"https:\/\/api.w.org\/{rel}","templated":true}]}}

Workshop mit Belia Brückner: &#8220;turning societal problems into crimes&#8221;

<p>Die Künstlerin Belia Brückner lädt im Rahmen ihrer Serie Recipes for Freedom dazu ein, gemeinsam Postkarten an Gefangene zu schreibe. Der Workshop bietet Raum für eine kritische Reflexion über das Justizsystem und ermöglicht durch die direkte Kommunikation mit Inhaftierten neue Perspektiven auf gesellschaftliche Probleme, die zu Straftaten umdefiniert werden.</p>

<!-- This site is optimized with the Yoast SEO plugin v27.5 - https://yoast.com/product/yoast-seo-wordpress/ -->
<title>Workshop mit Belia Brückner: &quot;turning societal problems into crimes&quot; - Kultur Mitte</title>
<meta name="robots" content="index, follow, max-snippet:-1, max-image-preview:large, max-video-preview:-1" />
<link rel="canonical" href="https://kultur-mitte.de/en/events/if-my-neighbour-is-okay-im-okay/workshop-mit-belia-brueckner-turning-societal-problems-into-crimes/" />
<meta property="og:locale" content="en_US" />
<meta property="og:type" content="article" />
<meta property="og:title" content="Workshop mit Belia Brückner: &quot;turning societal problems into crimes&quot; - Kultur Mitte" />
<meta property="og:description" content="Die Künstlerin Belia Brückner lädt im Rahmen ihrer Serie Recipes for Freedom dazu ein, gemeinsam Postkarten an Gefangene zu schreibe. Der Workshop bietet Raum für eine kritische Reflexion über das Justizsystem und ermöglicht durch die direkte Kommunikation mit Inhaftierten neue Perspektiven auf gesellschaftliche Probleme, die zu Straftaten umdefiniert werden." />
<meta property="og:url" content="https://kultur-mitte.de/en/events/if-my-neighbour-is-okay-im-okay/workshop-mit-belia-brueckner-turning-societal-problems-into-crimes/" />
<meta property="og:site_name" content="Kultur Mitte" />
<meta property="article:publisher" content="https://www.facebook.com/kulturmitte/?locale=de_DE" />
<meta property="article:modified_time" content="2025-03-13T10:12:11+00:00" />
<meta property="og:image" content="https://kultur-mitte.de/wp-content/uploads/2025/02/BZ-Flyer-2025-730x1024-1.jpg" />
	<meta property="og:image:width" content="730" />
	<meta property="og:image:height" content="1024" />
	<meta property="og:image:type" content="image/jpeg" />
<meta name="twitter:card" content="summary_large_image" />
<meta name="twitter:label1" content="Est. reading time" />
	<meta name="twitter:data1" content="1 minute" />
<script type="application/ld+json" class="yoast-schema-graph">{"@context":"https:\/\/schema.org","@graph":[{"@type":"WebPage","@id":"https:\/\/kultur-mitte.de\/en\/events\/if-my-neighbour-is-okay-im-okay\/workshop-mit-belia-brueckner-turning-societal-problems-into-crimes\/","url":"https:\/\/kultur-mitte.de\/en\/events\/if-my-neighbour-is-okay-im-okay\/workshop-mit-belia-brueckner-turning-societal-problems-into-crimes\/","name":"Workshop mit Belia Brückner: \"turning societal problems into crimes\" - Kultur Mitte","isPartOf":{"@id":"https:\/\/kultur-mitte.de\/en\/#website"},"primaryImageOfPage":{"@id":"https:\/\/kultur-mitte.de\/en\/events\/if-my-neighbour-is-okay-im-okay\/workshop-mit-belia-brueckner-turning-societal-problems-into-crimes\/#primaryimage"},"image":{"@id":"https:\/\/kultur-mitte.de\/en\/events\/if-my-neighbour-is-okay-im-okay\/workshop-mit-belia-brueckner-turning-societal-problems-into-crimes\/#primaryimage"},"thumbnailUrl":"https:\/\/kultur-mitte.de\/wp-content\/uploads\/2025\/02\/BZ-Flyer-2025-730x1024-1.jpg","datePublished":"2025-03-13T10:12:06+00:00","dateModified":"2025-03-13T10:12:11+00:00","breadcrumb":{"@id":"https:\/\/kultur-mitte.de\/en\/events\/if-my-neighbour-is-okay-im-okay\/workshop-mit-belia-brueckner-turning-societal-problems-into-crimes\/#breadcrumb"},"inLanguage":"en-US","potentialAction":[{"@type":"ReadAction","target":["https:\/\/kultur-mitte.de\/en\/events\/if-my-neighbour-is-okay-im-okay\/workshop-mit-belia-brueckner-turning-societal-problems-into-crimes\/"]}]},{"@type":"ImageObject","inLanguage":"en-US","@id":"https:\/\/kultur-mitte.de\/en\/events\/if-my-neighbour-is-okay-im-okay\/workshop-mit-belia-brueckner-turning-societal-problems-into-crimes\/#primaryimage","url":"https:\/\/kultur-mitte.de\/wp-content\/uploads\/2025\/02\/BZ-Flyer-2025-730x1024-1.jpg","contentUrl":"https:\/\/kultur-mitte.de\/wp-content\/uploads\/2025\/02\/BZ-Flyer-2025-730x1024-1.jpg","width":730,"height":1024},{"@type":"BreadcrumbList","@id":"https:\/\/kultur-mitte.de\/en\/events\/if-my-neighbour-is-okay-im-okay\/workshop-mit-belia-brueckner-turning-societal-problems-into-crimes\/#breadcrumb","itemListElement":[{"@type":"ListItem","position":1,"name":"Home","item":"https:\/\/kultur-mitte.de\/en\/"},{"@type":"ListItem","position":2,"name":"Termine","item":"https:\/\/kultur-mitte.de\/en\/events\/"},{"@type":"ListItem","position":3,"name":"If my neighbour is okay, I&#8217;m okay","item":"https:\/\/kultur-mitte.de\/en\/events\/if-my-neighbour-is-okay-im-okay\/"},{"@type":"ListItem","position":4,"name":"Workshop mit Belia Brückner: &#8222;turning societal problems into crimes&#8220;"}]},{"@type":"WebSite","@id":"https:\/\/kultur-mitte.de\/en\/#website","url":"https:\/\/kultur-mitte.de\/en\/","name":"Kultur Mitte","description":"","potentialAction":[{"@type":"SearchAction","target":{"@type":"EntryPoint","urlTemplate":"https:\/\/kultur-mitte.de\/en\/?s={search_term_string}"},"query-input":{"@type":"PropertyValueSpecification","valueRequired":true,"valueName":"search_term_string"}}],"inLanguage":"en-US"}]}</script>
<!-- / Yoast SEO plugin. -->

Workshop mit Belia Brückner: "turning societal problems into crimes" - Kultur Mitte

Die Künstlerin Belia Brückner lädt im Rahmen ihrer Serie Recipes for Freedom dazu ein, gemeinsam Postkarten an Gefangene zu schreibe. Der Workshop bietet Raum für eine kritische Reflexion über das Justizsystem und ermöglicht durch die direkte Kommunikation mit Inhaftierten neue Perspektiven auf gesellschaftliche Probleme, die zu Straftaten umdefiniert werden.

Workshop mit Belia Brückner: &#8222;turning societal problems into crimes&#8220;
