{"id":26590,"date":"2025-09-04T17:17:08","date_gmt":"2025-09-04T15:17:08","guid":{"rendered":"https:\/\/kultur-mitte.de\/?post_type=ct_events&#038;p=26590"},"modified":"2025-09-04T17:17:08","modified_gmt":"2025-09-04T15:17:08","slug":"sunday-art-makers-spurensuche","status":"publish","type":"ct_events","link":"https:\/\/kultur-mitte.de\/en\/events\/sunday-art-makers-spurensuche\/","title":{"rendered":"Sunday Art Makers: Spurensuche"},"content":{"rendered":"\n<p>Wusstet ihr, dass es B\u00e4ren im Park gibt? Und wie alt ist dieses Geb\u00e4ude eigentlich? Wer versteckt sich hinter den B\u00e4umen? Und was macht man eigentlich in einer Galerie? Kommt mit auf eine Spurensuche durch den K\u00f6llnischen Park und entdeckt die Geschichte des Ortes, des B\u00e4renzwingers und der Kunst!<\/p>\n","protected":false},"excerpt":{"rendered":"<p>Wusstet ihr, dass es B\u00e4ren im Park gibt? Und wie alt ist dieses Geb\u00e4ude eigentlich? Wer versteckt sich hinter den B\u00e4umen? Und was macht man eigentlich in einer Galerie? Kommt mit auf eine Spurensuche durch den K\u00f6llnischen Park und entdeckt die Geschichte des Ortes, des B\u00e4renzwingers und der Kunst!<\/p>\n","protected":false},"author":23,"featured_media":26591,"parent":0,"menu_order":68,"comment_status":"closed","ping_status":"closed","template":"","meta":{"_acf_changed":false,"footnotes":""},"events_cat":[118],"class_list":["post-26590","ct_events","type-ct_events","status-publish","has-post-thumbnail","hentry","events_cat-workshop"],"acf":[],"yoast_head":"<!-- This site is optimized with the Yoast SEO plugin v27.5 - https:\/\/yoast.com\/product\/yoast-seo-wordpress\/ -->\n<title>Sunday Art Makers: Spurensuche - Kultur Mitte<\/title>\n<meta name=\"robots\" content=\"index, follow, max-snippet:-1, max-image-preview:large, max-video-preview:-1\" \/>\n<link rel=\"canonical\" href=\"https:\/\/kultur-mitte.de\/en\/events\/sunday-art-makers-spurensuche\/\" \/>\n<meta property=\"og:locale\" content=\"en_US\" \/>\n<meta property=\"og:type\" content=\"article\" \/>\n<meta property=\"og:title\" content=\"Sunday Art Makers: Spurensuche - Kultur Mitte\" \/>\n<meta property=\"og:description\" content=\"Wusstet ihr, dass es B\u00e4ren im Park gibt? Und wie alt ist dieses Geb\u00e4ude eigentlich? Wer versteckt sich hinter den B\u00e4umen? Und was macht man eigentlich in einer Galerie? Kommt mit auf eine Spurensuche durch den K\u00f6llnischen Park und entdeckt die Geschichte des Ortes, des B\u00e4renzwingers und der Kunst!\" \/>\n<meta property=\"og:url\" content=\"https:\/\/kultur-mitte.de\/en\/events\/sunday-art-makers-spurensuche\/\" \/>\n<meta property=\"og:site_name\" content=\"Kultur Mitte\" \/>\n<meta property=\"article:publisher\" content=\"https:\/\/www.facebook.com\/kulturmitte\/?locale=de_DE\" \/>\n<meta property=\"og:image\" content=\"https:\/\/kultur-mitte.de\/wp-content\/uploads\/2025\/09\/Foto_Ziegen-Statue-scaled.jpg\" \/>\n\t<meta property=\"og:image:width\" content=\"1920\" \/>\n\t<meta property=\"og:image:height\" content=\"2560\" \/>\n\t<meta property=\"og:image:type\" content=\"image\/jpeg\" \/>\n<meta name=\"twitter:card\" content=\"summary_large_image\" \/>\n<meta name=\"twitter:label1\" content=\"Est. reading time\" \/>\n\t<meta name=\"twitter:data1\" content=\"1 minute\" \/>\n<script type=\"application\/ld+json\" class=\"yoast-schema-graph\">{\"@context\":\"https:\\\/\\\/schema.org\",\"@graph\":[{\"@type\":\"WebPage\",\"@id\":\"https:\\\/\\\/kultur-mitte.de\\\/en\\\/events\\\/sunday-art-makers-spurensuche\\\/\",\"url\":\"https:\\\/\\\/kultur-mitte.de\\\/en\\\/events\\\/sunday-art-makers-spurensuche\\\/\",\"name\":\"Sunday Art Makers: Spurensuche - Kultur Mitte\",\"isPartOf\":{\"@id\":\"https:\\\/\\\/kultur-mitte.de\\\/en\\\/#website\"},\"primaryImageOfPage\":{\"@id\":\"https:\\\/\\\/kultur-mitte.de\\\/en\\\/events\\\/sunday-art-makers-spurensuche\\\/#primaryimage\"},\"image\":{\"@id\":\"https:\\\/\\\/kultur-mitte.de\\\/en\\\/events\\\/sunday-art-makers-spurensuche\\\/#primaryimage\"},\"thumbnailUrl\":\"https:\\\/\\\/kultur-mitte.de\\\/wp-content\\\/uploads\\\/2025\\\/09\\\/Foto_Ziegen-Statue-scaled.jpg\",\"datePublished\":\"2025-09-04T15:17:08+00:00\",\"breadcrumb\":{\"@id\":\"https:\\\/\\\/kultur-mitte.de\\\/en\\\/events\\\/sunday-art-makers-spurensuche\\\/#breadcrumb\"},\"inLanguage\":\"en-US\",\"potentialAction\":[{\"@type\":\"ReadAction\",\"target\":[\"https:\\\/\\\/kultur-mitte.de\\\/en\\\/events\\\/sunday-art-makers-spurensuche\\\/\"]}]},{\"@type\":\"ImageObject\",\"inLanguage\":\"en-US\",\"@id\":\"https:\\\/\\\/kultur-mitte.de\\\/en\\\/events\\\/sunday-art-makers-spurensuche\\\/#primaryimage\",\"url\":\"https:\\\/\\\/kultur-mitte.de\\\/wp-content\\\/uploads\\\/2025\\\/09\\\/Foto_Ziegen-Statue-scaled.jpg\",\"contentUrl\":\"https:\\\/\\\/kultur-mitte.de\\\/wp-content\\\/uploads\\\/2025\\\/09\\\/Foto_Ziegen-Statue-scaled.jpg\",\"width\":1920,\"height\":2560},{\"@type\":\"BreadcrumbList\",\"@id\":\"https:\\\/\\\/kultur-mitte.de\\\/en\\\/events\\\/sunday-art-makers-spurensuche\\\/#breadcrumb\",\"itemListElement\":[{\"@type\":\"ListItem\",\"position\":1,\"name\":\"Home\",\"item\":\"https:\\\/\\\/kultur-mitte.de\\\/en\\\/\"},{\"@type\":\"ListItem\",\"position\":2,\"name\":\"Termine\",\"item\":\"https:\\\/\\\/kultur-mitte.de\\\/en\\\/events\\\/\"},{\"@type\":\"ListItem\",\"position\":3,\"name\":\"Sunday Art Makers: Spurensuche\"}]},{\"@type\":\"WebSite\",\"@id\":\"https:\\\/\\\/kultur-mitte.de\\\/en\\\/#website\",\"url\":\"https:\\\/\\\/kultur-mitte.de\\\/en\\\/\",\"name\":\"Kultur Mitte\",\"description\":\"\",\"potentialAction\":[{\"@type\":\"SearchAction\",\"target\":{\"@type\":\"EntryPoint\",\"urlTemplate\":\"https:\\\/\\\/kultur-mitte.de\\\/en\\\/?s={search_term_string}\"},\"query-input\":{\"@type\":\"PropertyValueSpecification\",\"valueRequired\":true,\"valueName\":\"search_term_string\"}}],\"inLanguage\":\"en-US\"}]}<\/script>\n<!-- \/ Yoast SEO plugin. -->","yoast_head_json":{"title":"Sunday Art Makers: Spurensuche - Kultur Mitte","robots":{"index":"index","follow":"follow","max-snippet":"max-snippet:-1","max-image-preview":"max-image-preview:large","max-video-preview":"max-video-preview:-1"},"canonical":"https:\/\/kultur-mitte.de\/en\/events\/sunday-art-makers-spurensuche\/","og_locale":"en_US","og_type":"article","og_title":"Sunday Art Makers: Spurensuche - Kultur Mitte","og_description":"Wusstet ihr, dass es B\u00e4ren im Park gibt? Und wie alt ist dieses Geb\u00e4ude eigentlich? Wer versteckt sich hinter den B\u00e4umen? Und was macht man eigentlich in einer Galerie? Kommt mit auf eine Spurensuche durch den K\u00f6llnischen Park und entdeckt die Geschichte des Ortes, des B\u00e4renzwingers und der Kunst!","og_url":"https:\/\/kultur-mitte.de\/en\/events\/sunday-art-makers-spurensuche\/","og_site_name":"Kultur Mitte","article_publisher":"https:\/\/www.facebook.com\/kulturmitte\/?locale=de_DE","og_image":[{"width":1920,"height":2560,"url":"https:\/\/kultur-mitte.de\/wp-content\/uploads\/2025\/09\/Foto_Ziegen-Statue-scaled.jpg","type":"image\/jpeg"}],"twitter_card":"summary_large_image","twitter_misc":{"Est. reading time":"1 minute"},"schema":{"@context":"https:\/\/schema.org","@graph":[{"@type":"WebPage","@id":"https:\/\/kultur-mitte.de\/en\/events\/sunday-art-makers-spurensuche\/","url":"https:\/\/kultur-mitte.de\/en\/events\/sunday-art-makers-spurensuche\/","name":"Sunday Art Makers: Spurensuche - Kultur Mitte","isPartOf":{"@id":"https:\/\/kultur-mitte.de\/en\/#website"},"primaryImageOfPage":{"@id":"https:\/\/kultur-mitte.de\/en\/events\/sunday-art-makers-spurensuche\/#primaryimage"},"image":{"@id":"https:\/\/kultur-mitte.de\/en\/events\/sunday-art-makers-spurensuche\/#primaryimage"},"thumbnailUrl":"https:\/\/kultur-mitte.de\/wp-content\/uploads\/2025\/09\/Foto_Ziegen-Statue-scaled.jpg","datePublished":"2025-09-04T15:17:08+00:00","breadcrumb":{"@id":"https:\/\/kultur-mitte.de\/en\/events\/sunday-art-makers-spurensuche\/#breadcrumb"},"inLanguage":"en-US","potentialAction":[{"@type":"ReadAction","target":["https:\/\/kultur-mitte.de\/en\/events\/sunday-art-makers-spurensuche\/"]}]},{"@type":"ImageObject","inLanguage":"en-US","@id":"https:\/\/kultur-mitte.de\/en\/events\/sunday-art-makers-spurensuche\/#primaryimage","url":"https:\/\/kultur-mitte.de\/wp-content\/uploads\/2025\/09\/Foto_Ziegen-Statue-scaled.jpg","contentUrl":"https:\/\/kultur-mitte.de\/wp-content\/uploads\/2025\/09\/Foto_Ziegen-Statue-scaled.jpg","width":1920,"height":2560},{"@type":"BreadcrumbList","@id":"https:\/\/kultur-mitte.de\/en\/events\/sunday-art-makers-spurensuche\/#breadcrumb","itemListElement":[{"@type":"ListItem","position":1,"name":"Home","item":"https:\/\/kultur-mitte.de\/en\/"},{"@type":"ListItem","position":2,"name":"Termine","item":"https:\/\/kultur-mitte.de\/en\/events\/"},{"@type":"ListItem","position":3,"name":"Sunday Art Makers: Spurensuche"}]},{"@type":"WebSite","@id":"https:\/\/kultur-mitte.de\/en\/#website","url":"https:\/\/kultur-mitte.de\/en\/","name":"Kultur Mitte","description":"","potentialAction":[{"@type":"SearchAction","target":{"@type":"EntryPoint","urlTemplate":"https:\/\/kultur-mitte.de\/en\/?s={search_term_string}"},"query-input":{"@type":"PropertyValueSpecification","valueRequired":true,"valueName":"search_term_string"}}],"inLanguage":"en-US"}]}},"_links":{"self":[{"href":"https:\/\/kultur-mitte.de\/en\/wp-json\/wp\/v2\/ct_events\/26590","targetHints":{"allow":["GET"]}}],"collection":[{"href":"https:\/\/kultur-mitte.de\/en\/wp-json\/wp\/v2\/ct_events"}],"about":[{"href":"https:\/\/kultur-mitte.de\/en\/wp-json\/wp\/v2\/types\/ct_events"}],"author":[{"embeddable":true,"href":"https:\/\/kultur-mitte.de\/en\/wp-json\/wp\/v2\/users\/23"}],"replies":[{"embeddable":true,"href":"https:\/\/kultur-mitte.de\/en\/wp-json\/wp\/v2\/comments?post=26590"}],"version-history":[{"count":2,"href":"https:\/\/kultur-mitte.de\/en\/wp-json\/wp\/v2\/ct_events\/26590\/revisions"}],"predecessor-version":[{"id":26633,"href":"https:\/\/kultur-mitte.de\/en\/wp-json\/wp\/v2\/ct_events\/26590\/revisions\/26633"}],"wp:featuredmedia":[{"embeddable":true,"href":"https:\/\/kultur-mitte.de\/en\/wp-json\/wp\/v2\/media\/26591"}],"wp:attachment":[{"href":"https:\/\/kultur-mitte.de\/en\/wp-json\/wp\/v2\/media?parent=26590"}],"wp:term":[{"taxonomy":"events_cat","embeddable":true,"href":"https:\/\/kultur-mitte.de\/en\/wp-json\/wp\/v2\/events_cat?post=26590"}],"curies":[{"name":"wp","href":"https:\/\/api.w.org\/{rel}","templated":true}]}}

<p>Wusstet ihr, dass es Bären im Park gibt? Und wie alt ist dieses Gebäude eigentlich? Wer versteckt sich hinter den Bäumen? Und was macht man eigentlich in einer Galerie? Kommt mit auf eine Spurensuche durch den Köllnischen Park und entdeckt die Geschichte des Ortes, des Bärenzwingers und der Kunst!</p>

<!-- This site is optimized with the Yoast SEO plugin v27.5 - https://yoast.com/product/yoast-seo-wordpress/ -->
<title>Sunday Art Makers: Spurensuche - Kultur Mitte</title>
<meta name="robots" content="index, follow, max-snippet:-1, max-image-preview:large, max-video-preview:-1" />
<link rel="canonical" href="https://kultur-mitte.de/en/events/sunday-art-makers-spurensuche/" />
<meta property="og:locale" content="en_US" />
<meta property="og:type" content="article" />
<meta property="og:title" content="Sunday Art Makers: Spurensuche - Kultur Mitte" />
<meta property="og:description" content="Wusstet ihr, dass es Bären im Park gibt? Und wie alt ist dieses Gebäude eigentlich? Wer versteckt sich hinter den Bäumen? Und was macht man eigentlich in einer Galerie? Kommt mit auf eine Spurensuche durch den Köllnischen Park und entdeckt die Geschichte des Ortes, des Bärenzwingers und der Kunst!" />
<meta property="og:url" content="https://kultur-mitte.de/en/events/sunday-art-makers-spurensuche/" />
<meta property="og:site_name" content="Kultur Mitte" />
<meta property="article:publisher" content="https://www.facebook.com/kulturmitte/?locale=de_DE" />
<meta property="og:image" content="https://kultur-mitte.de/wp-content/uploads/2025/09/Foto_Ziegen-Statue-scaled.jpg" />
	<meta property="og:image:width" content="1920" />
	<meta property="og:image:height" content="2560" />
	<meta property="og:image:type" content="image/jpeg" />
<meta name="twitter:card" content="summary_large_image" />
<meta name="twitter:label1" content="Est. reading time" />
	<meta name="twitter:data1" content="1 minute" />
<script type="application/ld+json" class="yoast-schema-graph">{"@context":"https:\/\/schema.org","@graph":[{"@type":"WebPage","@id":"https:\/\/kultur-mitte.de\/en\/events\/sunday-art-makers-spurensuche\/","url":"https:\/\/kultur-mitte.de\/en\/events\/sunday-art-makers-spurensuche\/","name":"Sunday Art Makers: Spurensuche - Kultur Mitte","isPartOf":{"@id":"https:\/\/kultur-mitte.de\/en\/#website"},"primaryImageOfPage":{"@id":"https:\/\/kultur-mitte.de\/en\/events\/sunday-art-makers-spurensuche\/#primaryimage"},"image":{"@id":"https:\/\/kultur-mitte.de\/en\/events\/sunday-art-makers-spurensuche\/#primaryimage"},"thumbnailUrl":"https:\/\/kultur-mitte.de\/wp-content\/uploads\/2025\/09\/Foto_Ziegen-Statue-scaled.jpg","datePublished":"2025-09-04T15:17:08+00:00","breadcrumb":{"@id":"https:\/\/kultur-mitte.de\/en\/events\/sunday-art-makers-spurensuche\/#breadcrumb"},"inLanguage":"en-US","potentialAction":[{"@type":"ReadAction","target":["https:\/\/kultur-mitte.de\/en\/events\/sunday-art-makers-spurensuche\/"]}]},{"@type":"ImageObject","inLanguage":"en-US","@id":"https:\/\/kultur-mitte.de\/en\/events\/sunday-art-makers-spurensuche\/#primaryimage","url":"https:\/\/kultur-mitte.de\/wp-content\/uploads\/2025\/09\/Foto_Ziegen-Statue-scaled.jpg","contentUrl":"https:\/\/kultur-mitte.de\/wp-content\/uploads\/2025\/09\/Foto_Ziegen-Statue-scaled.jpg","width":1920,"height":2560},{"@type":"BreadcrumbList","@id":"https:\/\/kultur-mitte.de\/en\/events\/sunday-art-makers-spurensuche\/#breadcrumb","itemListElement":[{"@type":"ListItem","position":1,"name":"Home","item":"https:\/\/kultur-mitte.de\/en\/"},{"@type":"ListItem","position":2,"name":"Termine","item":"https:\/\/kultur-mitte.de\/en\/events\/"},{"@type":"ListItem","position":3,"name":"Sunday Art Makers: Spurensuche"}]},{"@type":"WebSite","@id":"https:\/\/kultur-mitte.de\/en\/#website","url":"https:\/\/kultur-mitte.de\/en\/","name":"Kultur Mitte","description":"","potentialAction":[{"@type":"SearchAction","target":{"@type":"EntryPoint","urlTemplate":"https:\/\/kultur-mitte.de\/en\/?s={search_term_string}"},"query-input":{"@type":"PropertyValueSpecification","valueRequired":true,"valueName":"search_term_string"}}],"inLanguage":"en-US"}]}</script>
<!-- / Yoast SEO plugin. -->

Wusstet ihr, dass es Bären im Park gibt? Und wie alt ist dieses Gebäude eigentlich? Wer versteckt sich hinter den Bäumen? Und was macht man eigentlich in einer Galerie? Kommt mit auf eine Spurensuche durch den Köllnischen Park und entdeckt die Geschichte des Ortes, des Bärenzwingers und der Kunst!
