{"id":27126,"date":"2025-10-02T11:19:12","date_gmt":"2025-10-02T09:19:12","guid":{"rendered":"https:\/\/kultur-mitte.de\/?post_type=ct_events&#038;p=27126"},"modified":"2025-10-02T11:19:12","modified_gmt":"2025-10-02T09:19:12","slug":"emergent-archives","status":"publish","type":"ct_events","link":"https:\/\/kultur-mitte.de\/en\/events\/emergent-archives\/","title":{"rendered":"Emergent Archives"},"content":{"rendered":"\n<p>The community space \u00bbEmergent Archives\u00ab at Galerie Wedding is a growing archive of (post-)migrant and anti-racist engagement. It collects stories of people who have organized\u2014through alliances, initiatives, and across communities. Their experiences speak of responsibility, contradictions, solidarity, and the struggle for a just city.<\/p>\n\n\n\n<p>A programme with APO-Enquete Berlin, Garip Bali, Bino Byansi Byakuleka, Hamid Nowzari, Frauen Machen Druck, Ohiniko Mawuss\u00e9 Toffa, Koray Y\u0131lmaz-G\u00fcnay, Iris Rajanayagam among others.<\/p>\n\n\n\n<p>Spatial design by Arwa Al-Damerji<\/p>\n","protected":false},"excerpt":{"rendered":"<p>The community space \u00bbEmergent Archives\u00ab at Galerie Wedding is a growing archive of (post-)migrant and anti-racist engagement. It collects stories of people who have organized\u2014through alliances, initiatives, and across communities. Their experiences speak of responsibility, contradictions, solidarity, and the struggle for a just city. A programme with APO-Enquete Berlin, Garip Bali, Bino Byansi Byakuleka, Hamid&#8230;  <a class=\"excerpt-read-more\" href=\"https:\/\/kultur-mitte.de\/en\/events\/emergent-archives\/\" title=\"Read Emergent Archives\">Read more &raquo;<\/a><\/p>\n","protected":false},"author":23,"featured_media":27114,"parent":0,"menu_order":0,"comment_status":"closed","ping_status":"closed","template":"","meta":{"_acf_changed":false,"footnotes":""},"events_cat":[152],"class_list":["post-27126","ct_events","type-ct_events","status-publish","has-post-thumbnail","hentry","events_cat-community-space"],"acf":[],"yoast_head":"<!-- This site is optimized with the Yoast SEO plugin v27.4 - https:\/\/yoast.com\/product\/yoast-seo-wordpress\/ -->\n<title>Emergent Archives - Kultur Mitte<\/title>\n<meta name=\"robots\" content=\"index, follow, max-snippet:-1, max-image-preview:large, max-video-preview:-1\" \/>\n<link rel=\"canonical\" href=\"https:\/\/kultur-mitte.de\/en\/events\/emergent-archives\/\" \/>\n<meta property=\"og:locale\" content=\"en_US\" \/>\n<meta property=\"og:type\" content=\"article\" \/>\n<meta property=\"og:title\" content=\"Emergent Archives - Kultur Mitte\" \/>\n<meta property=\"og:description\" content=\"The community space \u00bbEmergent Archives\u00ab at Galerie Wedding is a growing archive of (post-)migrant and anti-racist engagement. It collects stories of people who have organized\u2014through alliances, initiatives, and across communities. Their experiences speak of responsibility, contradictions, solidarity, and the struggle for a just city. A programme with APO-Enquete Berlin, Garip Bali, Bino Byansi Byakuleka, Hamid... Read more &raquo;\" \/>\n<meta property=\"og:url\" content=\"https:\/\/kultur-mitte.de\/en\/events\/emergent-archives\/\" \/>\n<meta property=\"og:site_name\" content=\"Kultur Mitte\" \/>\n<meta property=\"article:publisher\" content=\"https:\/\/www.facebook.com\/kulturmitte\/?locale=de_DE\" \/>\n<meta property=\"og:image\" content=\"https:\/\/kultur-mitte.de\/wp-content\/uploads\/2025\/09\/GW-Cemetry-of-Nameless-Emergent-Archive-WM-22092025-53-scaled.jpg\" \/>\n\t<meta property=\"og:image:width\" content=\"1707\" \/>\n\t<meta property=\"og:image:height\" content=\"2560\" \/>\n\t<meta property=\"og:image:type\" content=\"image\/jpeg\" \/>\n<meta name=\"twitter:card\" content=\"summary_large_image\" \/>\n<meta name=\"twitter:label1\" content=\"Est. reading time\" \/>\n\t<meta name=\"twitter:data1\" content=\"1 minute\" \/>\n<script type=\"application\/ld+json\" class=\"yoast-schema-graph\">{\"@context\":\"https:\\\/\\\/schema.org\",\"@graph\":[{\"@type\":\"WebPage\",\"@id\":\"https:\\\/\\\/kultur-mitte.de\\\/en\\\/events\\\/emergent-archives\\\/\",\"url\":\"https:\\\/\\\/kultur-mitte.de\\\/en\\\/events\\\/emergent-archives\\\/\",\"name\":\"Emergent Archives - Kultur Mitte\",\"isPartOf\":{\"@id\":\"https:\\\/\\\/kultur-mitte.de\\\/en\\\/#website\"},\"primaryImageOfPage\":{\"@id\":\"https:\\\/\\\/kultur-mitte.de\\\/en\\\/events\\\/emergent-archives\\\/#primaryimage\"},\"image\":{\"@id\":\"https:\\\/\\\/kultur-mitte.de\\\/en\\\/events\\\/emergent-archives\\\/#primaryimage\"},\"thumbnailUrl\":\"https:\\\/\\\/kultur-mitte.de\\\/wp-content\\\/uploads\\\/2025\\\/09\\\/GW-Cemetry-of-Nameless-Emergent-Archive-WM-22092025-53-scaled.jpg\",\"datePublished\":\"2025-10-02T09:19:12+00:00\",\"breadcrumb\":{\"@id\":\"https:\\\/\\\/kultur-mitte.de\\\/en\\\/events\\\/emergent-archives\\\/#breadcrumb\"},\"inLanguage\":\"en-US\",\"potentialAction\":[{\"@type\":\"ReadAction\",\"target\":[\"https:\\\/\\\/kultur-mitte.de\\\/en\\\/events\\\/emergent-archives\\\/\"]}]},{\"@type\":\"ImageObject\",\"inLanguage\":\"en-US\",\"@id\":\"https:\\\/\\\/kultur-mitte.de\\\/en\\\/events\\\/emergent-archives\\\/#primaryimage\",\"url\":\"https:\\\/\\\/kultur-mitte.de\\\/wp-content\\\/uploads\\\/2025\\\/09\\\/GW-Cemetry-of-Nameless-Emergent-Archive-WM-22092025-53-scaled.jpg\",\"contentUrl\":\"https:\\\/\\\/kultur-mitte.de\\\/wp-content\\\/uploads\\\/2025\\\/09\\\/GW-Cemetry-of-Nameless-Emergent-Archive-WM-22092025-53-scaled.jpg\",\"width\":1707,\"height\":2560,\"caption\":\"Emergent Archives in der Galerie Wedding. Foto: Wataru Murakami\"},{\"@type\":\"BreadcrumbList\",\"@id\":\"https:\\\/\\\/kultur-mitte.de\\\/en\\\/events\\\/emergent-archives\\\/#breadcrumb\",\"itemListElement\":[{\"@type\":\"ListItem\",\"position\":1,\"name\":\"Home\",\"item\":\"https:\\\/\\\/kultur-mitte.de\\\/en\\\/\"},{\"@type\":\"ListItem\",\"position\":2,\"name\":\"Termine\",\"item\":\"https:\\\/\\\/kultur-mitte.de\\\/en\\\/events\\\/\"},{\"@type\":\"ListItem\",\"position\":3,\"name\":\"Emergent Archives\"}]},{\"@type\":\"WebSite\",\"@id\":\"https:\\\/\\\/kultur-mitte.de\\\/en\\\/#website\",\"url\":\"https:\\\/\\\/kultur-mitte.de\\\/en\\\/\",\"name\":\"Kultur Mitte\",\"description\":\"\",\"potentialAction\":[{\"@type\":\"SearchAction\",\"target\":{\"@type\":\"EntryPoint\",\"urlTemplate\":\"https:\\\/\\\/kultur-mitte.de\\\/en\\\/?s={search_term_string}\"},\"query-input\":{\"@type\":\"PropertyValueSpecification\",\"valueRequired\":true,\"valueName\":\"search_term_string\"}}],\"inLanguage\":\"en-US\"}]}<\/script>\n<!-- \/ Yoast SEO plugin. -->","yoast_head_json":{"title":"Emergent Archives - Kultur Mitte","robots":{"index":"index","follow":"follow","max-snippet":"max-snippet:-1","max-image-preview":"max-image-preview:large","max-video-preview":"max-video-preview:-1"},"canonical":"https:\/\/kultur-mitte.de\/en\/events\/emergent-archives\/","og_locale":"en_US","og_type":"article","og_title":"Emergent Archives - Kultur Mitte","og_description":"The community space \u00bbEmergent Archives\u00ab at Galerie Wedding is a growing archive of (post-)migrant and anti-racist engagement. It collects stories of people who have organized\u2014through alliances, initiatives, and across communities. Their experiences speak of responsibility, contradictions, solidarity, and the struggle for a just city. A programme with APO-Enquete Berlin, Garip Bali, Bino Byansi Byakuleka, Hamid... Read more &raquo;","og_url":"https:\/\/kultur-mitte.de\/en\/events\/emergent-archives\/","og_site_name":"Kultur Mitte","article_publisher":"https:\/\/www.facebook.com\/kulturmitte\/?locale=de_DE","og_image":[{"width":1707,"height":2560,"url":"https:\/\/kultur-mitte.de\/wp-content\/uploads\/2025\/09\/GW-Cemetry-of-Nameless-Emergent-Archive-WM-22092025-53-scaled.jpg","type":"image\/jpeg"}],"twitter_card":"summary_large_image","twitter_misc":{"Est. reading time":"1 minute"},"schema":{"@context":"https:\/\/schema.org","@graph":[{"@type":"WebPage","@id":"https:\/\/kultur-mitte.de\/en\/events\/emergent-archives\/","url":"https:\/\/kultur-mitte.de\/en\/events\/emergent-archives\/","name":"Emergent Archives - Kultur Mitte","isPartOf":{"@id":"https:\/\/kultur-mitte.de\/en\/#website"},"primaryImageOfPage":{"@id":"https:\/\/kultur-mitte.de\/en\/events\/emergent-archives\/#primaryimage"},"image":{"@id":"https:\/\/kultur-mitte.de\/en\/events\/emergent-archives\/#primaryimage"},"thumbnailUrl":"https:\/\/kultur-mitte.de\/wp-content\/uploads\/2025\/09\/GW-Cemetry-of-Nameless-Emergent-Archive-WM-22092025-53-scaled.jpg","datePublished":"2025-10-02T09:19:12+00:00","breadcrumb":{"@id":"https:\/\/kultur-mitte.de\/en\/events\/emergent-archives\/#breadcrumb"},"inLanguage":"en-US","potentialAction":[{"@type":"ReadAction","target":["https:\/\/kultur-mitte.de\/en\/events\/emergent-archives\/"]}]},{"@type":"ImageObject","inLanguage":"en-US","@id":"https:\/\/kultur-mitte.de\/en\/events\/emergent-archives\/#primaryimage","url":"https:\/\/kultur-mitte.de\/wp-content\/uploads\/2025\/09\/GW-Cemetry-of-Nameless-Emergent-Archive-WM-22092025-53-scaled.jpg","contentUrl":"https:\/\/kultur-mitte.de\/wp-content\/uploads\/2025\/09\/GW-Cemetry-of-Nameless-Emergent-Archive-WM-22092025-53-scaled.jpg","width":1707,"height":2560,"caption":"Emergent Archives in der Galerie Wedding. Foto: Wataru Murakami"},{"@type":"BreadcrumbList","@id":"https:\/\/kultur-mitte.de\/en\/events\/emergent-archives\/#breadcrumb","itemListElement":[{"@type":"ListItem","position":1,"name":"Home","item":"https:\/\/kultur-mitte.de\/en\/"},{"@type":"ListItem","position":2,"name":"Termine","item":"https:\/\/kultur-mitte.de\/en\/events\/"},{"@type":"ListItem","position":3,"name":"Emergent Archives"}]},{"@type":"WebSite","@id":"https:\/\/kultur-mitte.de\/en\/#website","url":"https:\/\/kultur-mitte.de\/en\/","name":"Kultur Mitte","description":"","potentialAction":[{"@type":"SearchAction","target":{"@type":"EntryPoint","urlTemplate":"https:\/\/kultur-mitte.de\/en\/?s={search_term_string}"},"query-input":{"@type":"PropertyValueSpecification","valueRequired":true,"valueName":"search_term_string"}}],"inLanguage":"en-US"}]}},"_links":{"self":[{"href":"https:\/\/kultur-mitte.de\/en\/wp-json\/wp\/v2\/ct_events\/27126","targetHints":{"allow":["GET"]}}],"collection":[{"href":"https:\/\/kultur-mitte.de\/en\/wp-json\/wp\/v2\/ct_events"}],"about":[{"href":"https:\/\/kultur-mitte.de\/en\/wp-json\/wp\/v2\/types\/ct_events"}],"author":[{"embeddable":true,"href":"https:\/\/kultur-mitte.de\/en\/wp-json\/wp\/v2\/users\/23"}],"replies":[{"embeddable":true,"href":"https:\/\/kultur-mitte.de\/en\/wp-json\/wp\/v2\/comments?post=27126"}],"version-history":[{"count":1,"href":"https:\/\/kultur-mitte.de\/en\/wp-json\/wp\/v2\/ct_events\/27126\/revisions"}],"predecessor-version":[{"id":27128,"href":"https:\/\/kultur-mitte.de\/en\/wp-json\/wp\/v2\/ct_events\/27126\/revisions\/27128"}],"wp:featuredmedia":[{"embeddable":true,"href":"https:\/\/kultur-mitte.de\/en\/wp-json\/wp\/v2\/media\/27114"}],"wp:attachment":[{"href":"https:\/\/kultur-mitte.de\/en\/wp-json\/wp\/v2\/media?parent=27126"}],"wp:term":[{"taxonomy":"events_cat","embeddable":true,"href":"https:\/\/kultur-mitte.de\/en\/wp-json\/wp\/v2\/events_cat?post=27126"}],"curies":[{"name":"wp","href":"https:\/\/api.w.org\/{rel}","templated":true}]}}

<p>The community space »Emergent Archives« at Galerie Wedding is a growing archive of (post-)migrant and anti-racist engagement. It collects stories of people who have organized—through alliances, initiatives, and across communities. Their experiences speak of responsibility, contradictions, solidarity, and the struggle for a just city.</p>



<p>A programme with APO-Enquete Berlin, Garip Bali, Bino Byansi Byakuleka, Hamid Nowzari, Frauen Machen Druck, Ohiniko Mawussé Toffa, Koray Yılmaz-Günay, Iris Rajanayagam among others.</p>



<p>Spatial design by Arwa Al-Damerji</p>
