{"id":27953,"date":"2026-01-06T11:55:23","date_gmt":"2026-01-06T10:55:23","guid":{"rendered":"https:\/\/kultur-mitte.de\/?post_type=ct_events&#038;p=27953"},"modified":"2026-01-06T11:55:25","modified_gmt":"2026-01-06T10:55:25","slug":"kaffee-kuchen","status":"publish","type":"ct_events","link":"https:\/\/kultur-mitte.de\/en\/events\/relations-in-place\/kaffee-kuchen\/","title":{"rendered":"Kaffee, Kuchen &amp; \u2026"},"content":{"rendered":"\n<p>Der B\u00e4renzwinger l\u00e4dt seit 2024 alle Nachbar*innen und Interessierte zu einem Nachmittag mit Kaffee und Kuchen ein. Unter dem Motto \u00bbKaffee, Kuchen und \u2026 \u00ab \u00f6ffnet der B\u00e4renzwinger an einem Tag pro Ausstellung seine T\u00fcren f\u00fcr ein gem\u00fctliches Zusammenkommen der Nachbarschaft.<\/p>\n\n\n\n<p>W\u00e4hrend wir Kaffee und selbstgebackenen Kuchen genie\u00dfen, haben wir auch die Gelegenheit, uns zwanglos \u00fcber Kunst und Kultur auszutauschen.<\/p>\n\n\n\n<p><\/p>\n","protected":false},"excerpt":{"rendered":"<p>Der B\u00e4renzwinger l\u00e4dt seit 2024 alle Nachbar*innen und Interessierte zu einem Nachmittag mit Kaffee und Kuchen ein. Unter dem Motto \u00bbKaffee, Kuchen und \u2026 \u00ab \u00f6ffnet der B\u00e4renzwinger an einem Tag pro Ausstellung seine T\u00fcren f\u00fcr ein gem\u00fctliches Zusammenkommen der Nachbarschaft. W\u00e4hrend wir Kaffee und selbstgebackenen Kuchen genie\u00dfen, haben wir auch die Gelegenheit, uns zwanglos&#8230;  <a class=\"excerpt-read-more\" href=\"https:\/\/kultur-mitte.de\/en\/events\/relations-in-place\/kaffee-kuchen\/\" title=\"Read Kaffee, Kuchen &amp; \u2026\">Read more &raquo;<\/a><\/p>\n","protected":false},"author":23,"featured_media":27511,"parent":27510,"menu_order":0,"comment_status":"closed","ping_status":"closed","template":"","meta":{"_acf_changed":false,"footnotes":""},"events_cat":[133],"class_list":["post-27953","ct_events","type-ct_events","status-publish","has-post-thumbnail","hentry","events_cat-begleitveranstaltung"],"acf":[],"yoast_head":"<!-- This site is optimized with the Yoast SEO plugin v27.5 - https:\/\/yoast.com\/product\/yoast-seo-wordpress\/ -->\n<title>Kaffee, Kuchen &amp; \u2026 - Kultur Mitte<\/title>\n<meta name=\"robots\" content=\"index, follow, max-snippet:-1, max-image-preview:large, max-video-preview:-1\" \/>\n<link rel=\"canonical\" href=\"https:\/\/kultur-mitte.de\/en\/events\/relations-in-place\/kaffee-kuchen\/\" \/>\n<meta property=\"og:locale\" content=\"en_US\" \/>\n<meta property=\"og:type\" content=\"article\" \/>\n<meta property=\"og:title\" content=\"Kaffee, Kuchen &amp; \u2026 - Kultur Mitte\" \/>\n<meta property=\"og:description\" content=\"Der B\u00e4renzwinger l\u00e4dt seit 2024 alle Nachbar*innen und Interessierte zu einem Nachmittag mit Kaffee und Kuchen ein. Unter dem Motto \u00bbKaffee, Kuchen und \u2026 \u00ab \u00f6ffnet der B\u00e4renzwinger an einem Tag pro Ausstellung seine T\u00fcren f\u00fcr ein gem\u00fctliches Zusammenkommen der Nachbarschaft. W\u00e4hrend wir Kaffee und selbstgebackenen Kuchen genie\u00dfen, haben wir auch die Gelegenheit, uns zwanglos... Read more &raquo;\" \/>\n<meta property=\"og:url\" content=\"https:\/\/kultur-mitte.de\/en\/events\/relations-in-place\/kaffee-kuchen\/\" \/>\n<meta property=\"og:site_name\" content=\"Kultur Mitte\" \/>\n<meta property=\"article:publisher\" content=\"https:\/\/www.facebook.com\/kulturmitte\/?locale=de_DE\" \/>\n<meta property=\"article:modified_time\" content=\"2026-01-06T10:55:25+00:00\" \/>\n<meta property=\"og:image\" content=\"https:\/\/kultur-mitte.de\/wp-content\/uploads\/2025\/11\/Opoku-und-Weinberger-Bricks-and-Cement-Dont-Make-a-House-2024.-c-Roxana-Rios_2_komp-scaled.jpg\" \/>\n\t<meta property=\"og:image:width\" content=\"1707\" \/>\n\t<meta property=\"og:image:height\" content=\"2560\" \/>\n\t<meta property=\"og:image:type\" content=\"image\/jpeg\" \/>\n<meta name=\"twitter:card\" content=\"summary_large_image\" \/>\n<meta name=\"twitter:label1\" content=\"Est. reading time\" \/>\n\t<meta name=\"twitter:data1\" content=\"1 minute\" \/>\n<script type=\"application\/ld+json\" class=\"yoast-schema-graph\">{\"@context\":\"https:\\\/\\\/schema.org\",\"@graph\":[{\"@type\":\"WebPage\",\"@id\":\"https:\\\/\\\/kultur-mitte.de\\\/en\\\/events\\\/relations-in-place\\\/kaffee-kuchen\\\/\",\"url\":\"https:\\\/\\\/kultur-mitte.de\\\/en\\\/events\\\/relations-in-place\\\/kaffee-kuchen\\\/\",\"name\":\"Kaffee, Kuchen &amp; \u2026 - Kultur Mitte\",\"isPartOf\":{\"@id\":\"https:\\\/\\\/kultur-mitte.de\\\/en\\\/#website\"},\"primaryImageOfPage\":{\"@id\":\"https:\\\/\\\/kultur-mitte.de\\\/en\\\/events\\\/relations-in-place\\\/kaffee-kuchen\\\/#primaryimage\"},\"image\":{\"@id\":\"https:\\\/\\\/kultur-mitte.de\\\/en\\\/events\\\/relations-in-place\\\/kaffee-kuchen\\\/#primaryimage\"},\"thumbnailUrl\":\"https:\\\/\\\/kultur-mitte.de\\\/wp-content\\\/uploads\\\/2025\\\/11\\\/Opoku-und-Weinberger-Bricks-and-Cement-Dont-Make-a-House-2024.-c-Roxana-Rios_2_komp-scaled.jpg\",\"datePublished\":\"2026-01-06T10:55:23+00:00\",\"dateModified\":\"2026-01-06T10:55:25+00:00\",\"breadcrumb\":{\"@id\":\"https:\\\/\\\/kultur-mitte.de\\\/en\\\/events\\\/relations-in-place\\\/kaffee-kuchen\\\/#breadcrumb\"},\"inLanguage\":\"en-US\",\"potentialAction\":[{\"@type\":\"ReadAction\",\"target\":[\"https:\\\/\\\/kultur-mitte.de\\\/en\\\/events\\\/relations-in-place\\\/kaffee-kuchen\\\/\"]}]},{\"@type\":\"ImageObject\",\"inLanguage\":\"en-US\",\"@id\":\"https:\\\/\\\/kultur-mitte.de\\\/en\\\/events\\\/relations-in-place\\\/kaffee-kuchen\\\/#primaryimage\",\"url\":\"https:\\\/\\\/kultur-mitte.de\\\/wp-content\\\/uploads\\\/2025\\\/11\\\/Opoku-und-Weinberger-Bricks-and-Cement-Dont-Make-a-House-2024.-c-Roxana-Rios_2_komp-scaled.jpg\",\"contentUrl\":\"https:\\\/\\\/kultur-mitte.de\\\/wp-content\\\/uploads\\\/2025\\\/11\\\/Opoku-und-Weinberger-Bricks-and-Cement-Dont-Make-a-House-2024.-c-Roxana-Rios_2_komp-scaled.jpg\",\"width\":1707,\"height\":2560,\"caption\":\"Opoku und Weinberger, Bricks and Cement Don't Make a House, 2024. (c) Roxana Rio\"},{\"@type\":\"BreadcrumbList\",\"@id\":\"https:\\\/\\\/kultur-mitte.de\\\/en\\\/events\\\/relations-in-place\\\/kaffee-kuchen\\\/#breadcrumb\",\"itemListElement\":[{\"@type\":\"ListItem\",\"position\":1,\"name\":\"Home\",\"item\":\"https:\\\/\\\/kultur-mitte.de\\\/en\\\/\"},{\"@type\":\"ListItem\",\"position\":2,\"name\":\"Termine\",\"item\":\"https:\\\/\\\/kultur-mitte.de\\\/en\\\/events\\\/\"},{\"@type\":\"ListItem\",\"position\":3,\"name\":\"Relations in Place\",\"item\":\"https:\\\/\\\/kultur-mitte.de\\\/en\\\/events\\\/relations-in-place\\\/\"},{\"@type\":\"ListItem\",\"position\":4,\"name\":\"Kaffee, Kuchen &amp; \u2026\"}]},{\"@type\":\"WebSite\",\"@id\":\"https:\\\/\\\/kultur-mitte.de\\\/en\\\/#website\",\"url\":\"https:\\\/\\\/kultur-mitte.de\\\/en\\\/\",\"name\":\"Kultur Mitte\",\"description\":\"\",\"potentialAction\":[{\"@type\":\"SearchAction\",\"target\":{\"@type\":\"EntryPoint\",\"urlTemplate\":\"https:\\\/\\\/kultur-mitte.de\\\/en\\\/?s={search_term_string}\"},\"query-input\":{\"@type\":\"PropertyValueSpecification\",\"valueRequired\":true,\"valueName\":\"search_term_string\"}}],\"inLanguage\":\"en-US\"}]}<\/script>\n<!-- \/ Yoast SEO plugin. -->","yoast_head_json":{"title":"Kaffee, Kuchen &amp; \u2026 - Kultur Mitte","robots":{"index":"index","follow":"follow","max-snippet":"max-snippet:-1","max-image-preview":"max-image-preview:large","max-video-preview":"max-video-preview:-1"},"canonical":"https:\/\/kultur-mitte.de\/en\/events\/relations-in-place\/kaffee-kuchen\/","og_locale":"en_US","og_type":"article","og_title":"Kaffee, Kuchen &amp; \u2026 - Kultur Mitte","og_description":"Der B\u00e4renzwinger l\u00e4dt seit 2024 alle Nachbar*innen und Interessierte zu einem Nachmittag mit Kaffee und Kuchen ein. Unter dem Motto \u00bbKaffee, Kuchen und \u2026 \u00ab \u00f6ffnet der B\u00e4renzwinger an einem Tag pro Ausstellung seine T\u00fcren f\u00fcr ein gem\u00fctliches Zusammenkommen der Nachbarschaft. W\u00e4hrend wir Kaffee und selbstgebackenen Kuchen genie\u00dfen, haben wir auch die Gelegenheit, uns zwanglos... Read more &raquo;","og_url":"https:\/\/kultur-mitte.de\/en\/events\/relations-in-place\/kaffee-kuchen\/","og_site_name":"Kultur Mitte","article_publisher":"https:\/\/www.facebook.com\/kulturmitte\/?locale=de_DE","article_modified_time":"2026-01-06T10:55:25+00:00","og_image":[{"width":1707,"height":2560,"url":"https:\/\/kultur-mitte.de\/wp-content\/uploads\/2025\/11\/Opoku-und-Weinberger-Bricks-and-Cement-Dont-Make-a-House-2024.-c-Roxana-Rios_2_komp-scaled.jpg","type":"image\/jpeg"}],"twitter_card":"summary_large_image","twitter_misc":{"Est. reading time":"1 minute"},"schema":{"@context":"https:\/\/schema.org","@graph":[{"@type":"WebPage","@id":"https:\/\/kultur-mitte.de\/en\/events\/relations-in-place\/kaffee-kuchen\/","url":"https:\/\/kultur-mitte.de\/en\/events\/relations-in-place\/kaffee-kuchen\/","name":"Kaffee, Kuchen &amp; \u2026 - Kultur Mitte","isPartOf":{"@id":"https:\/\/kultur-mitte.de\/en\/#website"},"primaryImageOfPage":{"@id":"https:\/\/kultur-mitte.de\/en\/events\/relations-in-place\/kaffee-kuchen\/#primaryimage"},"image":{"@id":"https:\/\/kultur-mitte.de\/en\/events\/relations-in-place\/kaffee-kuchen\/#primaryimage"},"thumbnailUrl":"https:\/\/kultur-mitte.de\/wp-content\/uploads\/2025\/11\/Opoku-und-Weinberger-Bricks-and-Cement-Dont-Make-a-House-2024.-c-Roxana-Rios_2_komp-scaled.jpg","datePublished":"2026-01-06T10:55:23+00:00","dateModified":"2026-01-06T10:55:25+00:00","breadcrumb":{"@id":"https:\/\/kultur-mitte.de\/en\/events\/relations-in-place\/kaffee-kuchen\/#breadcrumb"},"inLanguage":"en-US","potentialAction":[{"@type":"ReadAction","target":["https:\/\/kultur-mitte.de\/en\/events\/relations-in-place\/kaffee-kuchen\/"]}]},{"@type":"ImageObject","inLanguage":"en-US","@id":"https:\/\/kultur-mitte.de\/en\/events\/relations-in-place\/kaffee-kuchen\/#primaryimage","url":"https:\/\/kultur-mitte.de\/wp-content\/uploads\/2025\/11\/Opoku-und-Weinberger-Bricks-and-Cement-Dont-Make-a-House-2024.-c-Roxana-Rios_2_komp-scaled.jpg","contentUrl":"https:\/\/kultur-mitte.de\/wp-content\/uploads\/2025\/11\/Opoku-und-Weinberger-Bricks-and-Cement-Dont-Make-a-House-2024.-c-Roxana-Rios_2_komp-scaled.jpg","width":1707,"height":2560,"caption":"Opoku und Weinberger, Bricks and Cement Don't Make a House, 2024. (c) Roxana Rio"},{"@type":"BreadcrumbList","@id":"https:\/\/kultur-mitte.de\/en\/events\/relations-in-place\/kaffee-kuchen\/#breadcrumb","itemListElement":[{"@type":"ListItem","position":1,"name":"Home","item":"https:\/\/kultur-mitte.de\/en\/"},{"@type":"ListItem","position":2,"name":"Termine","item":"https:\/\/kultur-mitte.de\/en\/events\/"},{"@type":"ListItem","position":3,"name":"Relations in Place","item":"https:\/\/kultur-mitte.de\/en\/events\/relations-in-place\/"},{"@type":"ListItem","position":4,"name":"Kaffee, Kuchen &amp; \u2026"}]},{"@type":"WebSite","@id":"https:\/\/kultur-mitte.de\/en\/#website","url":"https:\/\/kultur-mitte.de\/en\/","name":"Kultur Mitte","description":"","potentialAction":[{"@type":"SearchAction","target":{"@type":"EntryPoint","urlTemplate":"https:\/\/kultur-mitte.de\/en\/?s={search_term_string}"},"query-input":{"@type":"PropertyValueSpecification","valueRequired":true,"valueName":"search_term_string"}}],"inLanguage":"en-US"}]}},"_links":{"self":[{"href":"https:\/\/kultur-mitte.de\/en\/wp-json\/wp\/v2\/ct_events\/27953","targetHints":{"allow":["GET"]}}],"collection":[{"href":"https:\/\/kultur-mitte.de\/en\/wp-json\/wp\/v2\/ct_events"}],"about":[{"href":"https:\/\/kultur-mitte.de\/en\/wp-json\/wp\/v2\/types\/ct_events"}],"author":[{"embeddable":true,"href":"https:\/\/kultur-mitte.de\/en\/wp-json\/wp\/v2\/users\/23"}],"replies":[{"embeddable":true,"href":"https:\/\/kultur-mitte.de\/en\/wp-json\/wp\/v2\/comments?post=27953"}],"version-history":[{"count":1,"href":"https:\/\/kultur-mitte.de\/en\/wp-json\/wp\/v2\/ct_events\/27953\/revisions"}],"predecessor-version":[{"id":27954,"href":"https:\/\/kultur-mitte.de\/en\/wp-json\/wp\/v2\/ct_events\/27953\/revisions\/27954"}],"up":[{"embeddable":true,"href":"https:\/\/kultur-mitte.de\/en\/wp-json\/wp\/v2\/ct_events\/27510"}],"wp:featuredmedia":[{"embeddable":true,"href":"https:\/\/kultur-mitte.de\/en\/wp-json\/wp\/v2\/media\/27511"}],"wp:attachment":[{"href":"https:\/\/kultur-mitte.de\/en\/wp-json\/wp\/v2\/media?parent=27953"}],"wp:term":[{"taxonomy":"events_cat","embeddable":true,"href":"https:\/\/kultur-mitte.de\/en\/wp-json\/wp\/v2\/events_cat?post=27953"}],"curies":[{"name":"wp","href":"https:\/\/api.w.org\/{rel}","templated":true}]}}

<p>Der Bärenzwinger lädt seit 2024 alle Nachbar*innen und Interessierte zu einem Nachmittag mit Kaffee und Kuchen ein. Unter dem Motto »Kaffee, Kuchen und … « öffnet der Bärenzwinger an einem Tag pro Ausstellung seine Türen für ein gemütliches Zusammenkommen der Nachbarschaft.</p>



<p>Während wir Kaffee und selbstgebackenen Kuchen genießen, haben wir auch die Gelegenheit, uns zwanglos über Kunst und Kultur auszutauschen.</p>



<p></p>

<p>Der Bärenzwinger lädt seit 2024 alle Nachbar*innen und Interessierte zu einem Nachmittag mit Kaffee und Kuchen ein. Unter dem Motto »Kaffee, Kuchen und … « öffnet der Bärenzwinger an einem Tag pro Ausstellung seine Türen für ein gemütliches Zusammenkommen der Nachbarschaft. Während wir Kaffee und selbstgebackenen Kuchen genießen, haben wir auch die Gelegenheit, uns zwanglos&#8230;  <a class="excerpt-read-more" href="https://kultur-mitte.de/en/events/relations-in-place/kaffee-kuchen/" title="Read Kaffee, Kuchen &amp; …">Read more &raquo;</a></p>

<!-- This site is optimized with the Yoast SEO plugin v27.5 - https://yoast.com/product/yoast-seo-wordpress/ -->
<title>Kaffee, Kuchen &amp; … - Kultur Mitte</title>
<meta name="robots" content="index, follow, max-snippet:-1, max-image-preview:large, max-video-preview:-1" />
<link rel="canonical" href="https://kultur-mitte.de/en/events/relations-in-place/kaffee-kuchen/" />
<meta property="og:locale" content="en_US" />
<meta property="og:type" content="article" />
<meta property="og:title" content="Kaffee, Kuchen &amp; … - Kultur Mitte" />
<meta property="og:description" content="Der Bärenzwinger lädt seit 2024 alle Nachbar*innen und Interessierte zu einem Nachmittag mit Kaffee und Kuchen ein. Unter dem Motto »Kaffee, Kuchen und … « öffnet der Bärenzwinger an einem Tag pro Ausstellung seine Türen für ein gemütliches Zusammenkommen der Nachbarschaft. Während wir Kaffee und selbstgebackenen Kuchen genießen, haben wir auch die Gelegenheit, uns zwanglos... Read more &raquo;" />
<meta property="og:url" content="https://kultur-mitte.de/en/events/relations-in-place/kaffee-kuchen/" />
<meta property="og:site_name" content="Kultur Mitte" />
<meta property="article:publisher" content="https://www.facebook.com/kulturmitte/?locale=de_DE" />
<meta property="article:modified_time" content="2026-01-06T10:55:25+00:00" />
<meta property="og:image" content="https://kultur-mitte.de/wp-content/uploads/2025/11/Opoku-und-Weinberger-Bricks-and-Cement-Dont-Make-a-House-2024.-c-Roxana-Rios_2_komp-scaled.jpg" />
	<meta property="og:image:width" content="1707" />
	<meta property="og:image:height" content="2560" />
	<meta property="og:image:type" content="image/jpeg" />
<meta name="twitter:card" content="summary_large_image" />
<meta name="twitter:label1" content="Est. reading time" />
	<meta name="twitter:data1" content="1 minute" />
<script type="application/ld+json" class="yoast-schema-graph">{"@context":"https:\/\/schema.org","@graph":[{"@type":"WebPage","@id":"https:\/\/kultur-mitte.de\/en\/events\/relations-in-place\/kaffee-kuchen\/","url":"https:\/\/kultur-mitte.de\/en\/events\/relations-in-place\/kaffee-kuchen\/","name":"Kaffee, Kuchen &amp; … - Kultur Mitte","isPartOf":{"@id":"https:\/\/kultur-mitte.de\/en\/#website"},"primaryImageOfPage":{"@id":"https:\/\/kultur-mitte.de\/en\/events\/relations-in-place\/kaffee-kuchen\/#primaryimage"},"image":{"@id":"https:\/\/kultur-mitte.de\/en\/events\/relations-in-place\/kaffee-kuchen\/#primaryimage"},"thumbnailUrl":"https:\/\/kultur-mitte.de\/wp-content\/uploads\/2025\/11\/Opoku-und-Weinberger-Bricks-and-Cement-Dont-Make-a-House-2024.-c-Roxana-Rios_2_komp-scaled.jpg","datePublished":"2026-01-06T10:55:23+00:00","dateModified":"2026-01-06T10:55:25+00:00","breadcrumb":{"@id":"https:\/\/kultur-mitte.de\/en\/events\/relations-in-place\/kaffee-kuchen\/#breadcrumb"},"inLanguage":"en-US","potentialAction":[{"@type":"ReadAction","target":["https:\/\/kultur-mitte.de\/en\/events\/relations-in-place\/kaffee-kuchen\/"]}]},{"@type":"ImageObject","inLanguage":"en-US","@id":"https:\/\/kultur-mitte.de\/en\/events\/relations-in-place\/kaffee-kuchen\/#primaryimage","url":"https:\/\/kultur-mitte.de\/wp-content\/uploads\/2025\/11\/Opoku-und-Weinberger-Bricks-and-Cement-Dont-Make-a-House-2024.-c-Roxana-Rios_2_komp-scaled.jpg","contentUrl":"https:\/\/kultur-mitte.de\/wp-content\/uploads\/2025\/11\/Opoku-und-Weinberger-Bricks-and-Cement-Dont-Make-a-House-2024.-c-Roxana-Rios_2_komp-scaled.jpg","width":1707,"height":2560,"caption":"Opoku und Weinberger, Bricks and Cement Don't Make a House, 2024. (c) Roxana Rio"},{"@type":"BreadcrumbList","@id":"https:\/\/kultur-mitte.de\/en\/events\/relations-in-place\/kaffee-kuchen\/#breadcrumb","itemListElement":[{"@type":"ListItem","position":1,"name":"Home","item":"https:\/\/kultur-mitte.de\/en\/"},{"@type":"ListItem","position":2,"name":"Termine","item":"https:\/\/kultur-mitte.de\/en\/events\/"},{"@type":"ListItem","position":3,"name":"Relations in Place","item":"https:\/\/kultur-mitte.de\/en\/events\/relations-in-place\/"},{"@type":"ListItem","position":4,"name":"Kaffee, Kuchen &amp; …"}]},{"@type":"WebSite","@id":"https:\/\/kultur-mitte.de\/en\/#website","url":"https:\/\/kultur-mitte.de\/en\/","name":"Kultur Mitte","description":"","potentialAction":[{"@type":"SearchAction","target":{"@type":"EntryPoint","urlTemplate":"https:\/\/kultur-mitte.de\/en\/?s={search_term_string}"},"query-input":{"@type":"PropertyValueSpecification","valueRequired":true,"valueName":"search_term_string"}}],"inLanguage":"en-US"}]}</script>
<!-- / Yoast SEO plugin. -->

Der Bärenzwinger lädt seit 2024 alle Nachbar*innen und Interessierte zu einem Nachmittag mit Kaffee und Kuchen ein. Unter dem Motto »Kaffee, Kuchen und … « öffnet der Bärenzwinger an einem Tag pro Ausstellung seine Türen für ein gemütliches Zusammenkommen der Nachbarschaft. Während wir Kaffee und selbstgebackenen Kuchen genießen, haben wir auch die Gelegenheit, uns zwanglos... Read more &raquo;
