{"id":28413,"date":"2026-03-12T15:23:13","date_gmt":"2026-03-12T14:23:13","guid":{"rendered":"https:\/\/kultur-mitte.de\/?post_type=ct_events&#038;p=28413"},"modified":"2026-03-12T15:23:14","modified_gmt":"2026-03-12T14:23:14","slug":"sunday-art-makers-klangspuren-mit-dina-boswank","status":"publish","type":"ct_events","link":"https:\/\/kultur-mitte.de\/en\/events\/sunday-art-makers-klangspuren-mit-dina-boswank\/","title":{"rendered":"Sunday Art Makers \u2013 \u00bbKlangspuren\u00ab mit Dina Boswank"},"content":{"rendered":"\n<p>W\u00e4nde, Nischen, Z\u00e4une \u2013 sie alle klingen, wenn man hinh\u00f6rt. Im Workshop lauschen wir den R\u00e4umen der Galerie und ihrer Umgebung, sammeln Rascheln, Echos, Klatschen, Fl\u00fcstern. Gefundene Ger\u00e4usche werden gezeichnet, geteilt, verst\u00e4rkt und nachgeahmt. So entsteht ein kollektives Klangspiel, das Architektur, K\u00f6rper und Fantasie verbindet. Mit einfachen Mitteln, selbstgebauten Instrumenten und Stimmen verwandeln wir Mauern in Resonanzk\u00f6rper, erforschen Rhythmen und lassen verborgene Kl\u00e4nge sichtbar werden \u2013 ein h\u00f6rendes Erkunden von Raum und Zeit.<\/p>\n\n\n\n<p><strong>F\u00fcr Kinder &amp; Jugendliche in Begleitung (8 \u2013 16 Jahre)<br>Sprachen: Deutsch und Englisch<\/strong><\/p>\n","protected":false},"excerpt":{"rendered":"<p>W\u00e4nde, Nischen, Z\u00e4une \u2013 sie alle klingen, wenn man hinh\u00f6rt. Im Workshop lauschen wir den R\u00e4umen der Galerie und ihrer Umgebung, sammeln Rascheln, Echos, Klatschen, Fl\u00fcstern. Gefundene Ger\u00e4usche werden gezeichnet, geteilt, verst\u00e4rkt und nachgeahmt. So entsteht ein kollektives Klangspiel, das Architektur, K\u00f6rper und Fantasie verbindet. Mit einfachen Mitteln, selbstgebauten Instrumenten und Stimmen verwandeln wir Mauern&#8230;  <a class=\"excerpt-read-more\" href=\"https:\/\/kultur-mitte.de\/en\/events\/sunday-art-makers-klangspuren-mit-dina-boswank\/\" title=\"Read Sunday Art Makers \u2013 \u00bbKlangspuren\u00ab mit Dina Boswank\">Read more &raquo;<\/a><\/p>\n","protected":false},"author":23,"featured_media":28414,"parent":0,"menu_order":0,"comment_status":"closed","ping_status":"closed","template":"","meta":{"_acf_changed":false,"footnotes":""},"events_cat":[118],"class_list":["post-28413","ct_events","type-ct_events","status-publish","has-post-thumbnail","hentry","events_cat-workshop"],"acf":[],"yoast_head":"<!-- This site is optimized with the Yoast SEO plugin v27.5 - https:\/\/yoast.com\/product\/yoast-seo-wordpress\/ -->\n<title>Sunday Art Makers \u2013 \u00bbKlangspuren\u00ab mit Dina Boswank - Kultur Mitte<\/title>\n<meta name=\"robots\" content=\"index, follow, max-snippet:-1, max-image-preview:large, max-video-preview:-1\" \/>\n<link rel=\"canonical\" href=\"https:\/\/kultur-mitte.de\/en\/events\/sunday-art-makers-klangspuren-mit-dina-boswank\/\" \/>\n<meta property=\"og:locale\" content=\"en_US\" \/>\n<meta property=\"og:type\" content=\"article\" \/>\n<meta property=\"og:title\" content=\"Sunday Art Makers \u2013 \u00bbKlangspuren\u00ab mit Dina Boswank - Kultur Mitte\" \/>\n<meta property=\"og:description\" content=\"W\u00e4nde, Nischen, Z\u00e4une \u2013 sie alle klingen, wenn man hinh\u00f6rt. Im Workshop lauschen wir den R\u00e4umen der Galerie und ihrer Umgebung, sammeln Rascheln, Echos, Klatschen, Fl\u00fcstern. Gefundene Ger\u00e4usche werden gezeichnet, geteilt, verst\u00e4rkt und nachgeahmt. So entsteht ein kollektives Klangspiel, das Architektur, K\u00f6rper und Fantasie verbindet. Mit einfachen Mitteln, selbstgebauten Instrumenten und Stimmen verwandeln wir Mauern... Read more &raquo;\" \/>\n<meta property=\"og:url\" content=\"https:\/\/kultur-mitte.de\/en\/events\/sunday-art-makers-klangspuren-mit-dina-boswank\/\" \/>\n<meta property=\"og:site_name\" content=\"Kultur Mitte\" \/>\n<meta property=\"article:publisher\" content=\"https:\/\/www.facebook.com\/kulturmitte\/?locale=de_DE\" \/>\n<meta property=\"article:modified_time\" content=\"2026-03-12T14:23:14+00:00\" \/>\n<meta property=\"og:image\" content=\"https:\/\/kultur-mitte.de\/wp-content\/uploads\/2026\/03\/SAM_Einfaerbungen_Dina-683x1024-1.webp\" \/>\n\t<meta property=\"og:image:width\" content=\"683\" \/>\n\t<meta property=\"og:image:height\" content=\"1024\" \/>\n\t<meta property=\"og:image:type\" content=\"image\/webp\" \/>\n<meta name=\"twitter:card\" content=\"summary_large_image\" \/>\n<meta name=\"twitter:label1\" content=\"Est. reading time\" \/>\n\t<meta name=\"twitter:data1\" content=\"1 minute\" \/>\n<script type=\"application\/ld+json\" class=\"yoast-schema-graph\">{\"@context\":\"https:\\\/\\\/schema.org\",\"@graph\":[{\"@type\":\"WebPage\",\"@id\":\"https:\\\/\\\/kultur-mitte.de\\\/en\\\/events\\\/sunday-art-makers-klangspuren-mit-dina-boswank\\\/\",\"url\":\"https:\\\/\\\/kultur-mitte.de\\\/en\\\/events\\\/sunday-art-makers-klangspuren-mit-dina-boswank\\\/\",\"name\":\"Sunday Art Makers \u2013 \u00bbKlangspuren\u00ab mit Dina Boswank - Kultur Mitte\",\"isPartOf\":{\"@id\":\"https:\\\/\\\/kultur-mitte.de\\\/en\\\/#website\"},\"primaryImageOfPage\":{\"@id\":\"https:\\\/\\\/kultur-mitte.de\\\/en\\\/events\\\/sunday-art-makers-klangspuren-mit-dina-boswank\\\/#primaryimage\"},\"image\":{\"@id\":\"https:\\\/\\\/kultur-mitte.de\\\/en\\\/events\\\/sunday-art-makers-klangspuren-mit-dina-boswank\\\/#primaryimage\"},\"thumbnailUrl\":\"https:\\\/\\\/kultur-mitte.de\\\/wp-content\\\/uploads\\\/2026\\\/03\\\/SAM_Einfaerbungen_Dina-683x1024-1.webp\",\"datePublished\":\"2026-03-12T14:23:13+00:00\",\"dateModified\":\"2026-03-12T14:23:14+00:00\",\"breadcrumb\":{\"@id\":\"https:\\\/\\\/kultur-mitte.de\\\/en\\\/events\\\/sunday-art-makers-klangspuren-mit-dina-boswank\\\/#breadcrumb\"},\"inLanguage\":\"en-US\",\"potentialAction\":[{\"@type\":\"ReadAction\",\"target\":[\"https:\\\/\\\/kultur-mitte.de\\\/en\\\/events\\\/sunday-art-makers-klangspuren-mit-dina-boswank\\\/\"]}]},{\"@type\":\"ImageObject\",\"inLanguage\":\"en-US\",\"@id\":\"https:\\\/\\\/kultur-mitte.de\\\/en\\\/events\\\/sunday-art-makers-klangspuren-mit-dina-boswank\\\/#primaryimage\",\"url\":\"https:\\\/\\\/kultur-mitte.de\\\/wp-content\\\/uploads\\\/2026\\\/03\\\/SAM_Einfaerbungen_Dina-683x1024-1.webp\",\"contentUrl\":\"https:\\\/\\\/kultur-mitte.de\\\/wp-content\\\/uploads\\\/2026\\\/03\\\/SAM_Einfaerbungen_Dina-683x1024-1.webp\",\"width\":683,\"height\":1024,\"caption\":\"Technische Ger\u00e4te\"},{\"@type\":\"BreadcrumbList\",\"@id\":\"https:\\\/\\\/kultur-mitte.de\\\/en\\\/events\\\/sunday-art-makers-klangspuren-mit-dina-boswank\\\/#breadcrumb\",\"itemListElement\":[{\"@type\":\"ListItem\",\"position\":1,\"name\":\"Home\",\"item\":\"https:\\\/\\\/kultur-mitte.de\\\/en\\\/\"},{\"@type\":\"ListItem\",\"position\":2,\"name\":\"Termine\",\"item\":\"https:\\\/\\\/kultur-mitte.de\\\/en\\\/events\\\/\"},{\"@type\":\"ListItem\",\"position\":3,\"name\":\"Sunday Art Makers \u2013 \u00bbKlangspuren\u00ab mit Dina Boswank\"}]},{\"@type\":\"WebSite\",\"@id\":\"https:\\\/\\\/kultur-mitte.de\\\/en\\\/#website\",\"url\":\"https:\\\/\\\/kultur-mitte.de\\\/en\\\/\",\"name\":\"Kultur Mitte\",\"description\":\"\",\"potentialAction\":[{\"@type\":\"SearchAction\",\"target\":{\"@type\":\"EntryPoint\",\"urlTemplate\":\"https:\\\/\\\/kultur-mitte.de\\\/en\\\/?s={search_term_string}\"},\"query-input\":{\"@type\":\"PropertyValueSpecification\",\"valueRequired\":true,\"valueName\":\"search_term_string\"}}],\"inLanguage\":\"en-US\"}]}<\/script>\n<!-- \/ Yoast SEO plugin. -->","yoast_head_json":{"title":"Sunday Art Makers \u2013 \u00bbKlangspuren\u00ab mit Dina Boswank - Kultur Mitte","robots":{"index":"index","follow":"follow","max-snippet":"max-snippet:-1","max-image-preview":"max-image-preview:large","max-video-preview":"max-video-preview:-1"},"canonical":"https:\/\/kultur-mitte.de\/en\/events\/sunday-art-makers-klangspuren-mit-dina-boswank\/","og_locale":"en_US","og_type":"article","og_title":"Sunday Art Makers \u2013 \u00bbKlangspuren\u00ab mit Dina Boswank - Kultur Mitte","og_description":"W\u00e4nde, Nischen, Z\u00e4une \u2013 sie alle klingen, wenn man hinh\u00f6rt. Im Workshop lauschen wir den R\u00e4umen der Galerie und ihrer Umgebung, sammeln Rascheln, Echos, Klatschen, Fl\u00fcstern. Gefundene Ger\u00e4usche werden gezeichnet, geteilt, verst\u00e4rkt und nachgeahmt. So entsteht ein kollektives Klangspiel, das Architektur, K\u00f6rper und Fantasie verbindet. Mit einfachen Mitteln, selbstgebauten Instrumenten und Stimmen verwandeln wir Mauern... Read more &raquo;","og_url":"https:\/\/kultur-mitte.de\/en\/events\/sunday-art-makers-klangspuren-mit-dina-boswank\/","og_site_name":"Kultur Mitte","article_publisher":"https:\/\/www.facebook.com\/kulturmitte\/?locale=de_DE","article_modified_time":"2026-03-12T14:23:14+00:00","og_image":[{"width":683,"height":1024,"url":"https:\/\/kultur-mitte.de\/wp-content\/uploads\/2026\/03\/SAM_Einfaerbungen_Dina-683x1024-1.webp","type":"image\/webp"}],"twitter_card":"summary_large_image","twitter_misc":{"Est. reading time":"1 minute"},"schema":{"@context":"https:\/\/schema.org","@graph":[{"@type":"WebPage","@id":"https:\/\/kultur-mitte.de\/en\/events\/sunday-art-makers-klangspuren-mit-dina-boswank\/","url":"https:\/\/kultur-mitte.de\/en\/events\/sunday-art-makers-klangspuren-mit-dina-boswank\/","name":"Sunday Art Makers \u2013 \u00bbKlangspuren\u00ab mit Dina Boswank - Kultur Mitte","isPartOf":{"@id":"https:\/\/kultur-mitte.de\/en\/#website"},"primaryImageOfPage":{"@id":"https:\/\/kultur-mitte.de\/en\/events\/sunday-art-makers-klangspuren-mit-dina-boswank\/#primaryimage"},"image":{"@id":"https:\/\/kultur-mitte.de\/en\/events\/sunday-art-makers-klangspuren-mit-dina-boswank\/#primaryimage"},"thumbnailUrl":"https:\/\/kultur-mitte.de\/wp-content\/uploads\/2026\/03\/SAM_Einfaerbungen_Dina-683x1024-1.webp","datePublished":"2026-03-12T14:23:13+00:00","dateModified":"2026-03-12T14:23:14+00:00","breadcrumb":{"@id":"https:\/\/kultur-mitte.de\/en\/events\/sunday-art-makers-klangspuren-mit-dina-boswank\/#breadcrumb"},"inLanguage":"en-US","potentialAction":[{"@type":"ReadAction","target":["https:\/\/kultur-mitte.de\/en\/events\/sunday-art-makers-klangspuren-mit-dina-boswank\/"]}]},{"@type":"ImageObject","inLanguage":"en-US","@id":"https:\/\/kultur-mitte.de\/en\/events\/sunday-art-makers-klangspuren-mit-dina-boswank\/#primaryimage","url":"https:\/\/kultur-mitte.de\/wp-content\/uploads\/2026\/03\/SAM_Einfaerbungen_Dina-683x1024-1.webp","contentUrl":"https:\/\/kultur-mitte.de\/wp-content\/uploads\/2026\/03\/SAM_Einfaerbungen_Dina-683x1024-1.webp","width":683,"height":1024,"caption":"Technische Ger\u00e4te"},{"@type":"BreadcrumbList","@id":"https:\/\/kultur-mitte.de\/en\/events\/sunday-art-makers-klangspuren-mit-dina-boswank\/#breadcrumb","itemListElement":[{"@type":"ListItem","position":1,"name":"Home","item":"https:\/\/kultur-mitte.de\/en\/"},{"@type":"ListItem","position":2,"name":"Termine","item":"https:\/\/kultur-mitte.de\/en\/events\/"},{"@type":"ListItem","position":3,"name":"Sunday Art Makers \u2013 \u00bbKlangspuren\u00ab mit Dina Boswank"}]},{"@type":"WebSite","@id":"https:\/\/kultur-mitte.de\/en\/#website","url":"https:\/\/kultur-mitte.de\/en\/","name":"Kultur Mitte","description":"","potentialAction":[{"@type":"SearchAction","target":{"@type":"EntryPoint","urlTemplate":"https:\/\/kultur-mitte.de\/en\/?s={search_term_string}"},"query-input":{"@type":"PropertyValueSpecification","valueRequired":true,"valueName":"search_term_string"}}],"inLanguage":"en-US"}]}},"_links":{"self":[{"href":"https:\/\/kultur-mitte.de\/en\/wp-json\/wp\/v2\/ct_events\/28413","targetHints":{"allow":["GET"]}}],"collection":[{"href":"https:\/\/kultur-mitte.de\/en\/wp-json\/wp\/v2\/ct_events"}],"about":[{"href":"https:\/\/kultur-mitte.de\/en\/wp-json\/wp\/v2\/types\/ct_events"}],"author":[{"embeddable":true,"href":"https:\/\/kultur-mitte.de\/en\/wp-json\/wp\/v2\/users\/23"}],"replies":[{"embeddable":true,"href":"https:\/\/kultur-mitte.de\/en\/wp-json\/wp\/v2\/comments?post=28413"}],"version-history":[{"count":1,"href":"https:\/\/kultur-mitte.de\/en\/wp-json\/wp\/v2\/ct_events\/28413\/revisions"}],"predecessor-version":[{"id":28416,"href":"https:\/\/kultur-mitte.de\/en\/wp-json\/wp\/v2\/ct_events\/28413\/revisions\/28416"}],"wp:featuredmedia":[{"embeddable":true,"href":"https:\/\/kultur-mitte.de\/en\/wp-json\/wp\/v2\/media\/28414"}],"wp:attachment":[{"href":"https:\/\/kultur-mitte.de\/en\/wp-json\/wp\/v2\/media?parent=28413"}],"wp:term":[{"taxonomy":"events_cat","embeddable":true,"href":"https:\/\/kultur-mitte.de\/en\/wp-json\/wp\/v2\/events_cat?post=28413"}],"curies":[{"name":"wp","href":"https:\/\/api.w.org\/{rel}","templated":true}]}}

<p>Wände, Nischen, Zäune – sie alle klingen, wenn man hinhört. Im Workshop lauschen wir den Räumen der Galerie und ihrer Umgebung, sammeln Rascheln, Echos, Klatschen, Flüstern. Gefundene Geräusche werden gezeichnet, geteilt, verstärkt und nachgeahmt. So entsteht ein kollektives Klangspiel, das Architektur, Körper und Fantasie verbindet. Mit einfachen Mitteln, selbstgebauten Instrumenten und Stimmen verwandeln wir Mauern in Resonanzkörper, erforschen Rhythmen und lassen verborgene Klänge sichtbar werden – ein hörendes Erkunden von Raum und Zeit.</p>



<p><strong>Für Kinder &amp; Jugendliche in Begleitung (8 – 16 Jahre)<br>Sprachen: Deutsch und Englisch</strong></p>

<p>Wände, Nischen, Zäune – sie alle klingen, wenn man hinhört. Im Workshop lauschen wir den Räumen der Galerie und ihrer Umgebung, sammeln Rascheln, Echos, Klatschen, Flüstern. Gefundene Geräusche werden gezeichnet, geteilt, verstärkt und nachgeahmt. So entsteht ein kollektives Klangspiel, das Architektur, Körper und Fantasie verbindet. Mit einfachen Mitteln, selbstgebauten Instrumenten und Stimmen verwandeln wir Mauern&#8230;  <a class="excerpt-read-more" href="https://kultur-mitte.de/en/events/sunday-art-makers-klangspuren-mit-dina-boswank/" title="Read Sunday Art Makers – »Klangspuren« mit Dina Boswank">Read more &raquo;</a></p>

<!-- This site is optimized with the Yoast SEO plugin v27.5 - https://yoast.com/product/yoast-seo-wordpress/ -->
<title>Sunday Art Makers – »Klangspuren« mit Dina Boswank - Kultur Mitte</title>
<meta name="robots" content="index, follow, max-snippet:-1, max-image-preview:large, max-video-preview:-1" />
<link rel="canonical" href="https://kultur-mitte.de/en/events/sunday-art-makers-klangspuren-mit-dina-boswank/" />
<meta property="og:locale" content="en_US" />
<meta property="og:type" content="article" />
<meta property="og:title" content="Sunday Art Makers – »Klangspuren« mit Dina Boswank - Kultur Mitte" />
<meta property="og:description" content="Wände, Nischen, Zäune – sie alle klingen, wenn man hinhört. Im Workshop lauschen wir den Räumen der Galerie und ihrer Umgebung, sammeln Rascheln, Echos, Klatschen, Flüstern. Gefundene Geräusche werden gezeichnet, geteilt, verstärkt und nachgeahmt. So entsteht ein kollektives Klangspiel, das Architektur, Körper und Fantasie verbindet. Mit einfachen Mitteln, selbstgebauten Instrumenten und Stimmen verwandeln wir Mauern... Read more &raquo;" />
<meta property="og:url" content="https://kultur-mitte.de/en/events/sunday-art-makers-klangspuren-mit-dina-boswank/" />
<meta property="og:site_name" content="Kultur Mitte" />
<meta property="article:publisher" content="https://www.facebook.com/kulturmitte/?locale=de_DE" />
<meta property="article:modified_time" content="2026-03-12T14:23:14+00:00" />
<meta property="og:image" content="https://kultur-mitte.de/wp-content/uploads/2026/03/SAM_Einfaerbungen_Dina-683x1024-1.webp" />
	<meta property="og:image:width" content="683" />
	<meta property="og:image:height" content="1024" />
	<meta property="og:image:type" content="image/webp" />
<meta name="twitter:card" content="summary_large_image" />
<meta name="twitter:label1" content="Est. reading time" />
	<meta name="twitter:data1" content="1 minute" />
<script type="application/ld+json" class="yoast-schema-graph">{"@context":"https:\/\/schema.org","@graph":[{"@type":"WebPage","@id":"https:\/\/kultur-mitte.de\/en\/events\/sunday-art-makers-klangspuren-mit-dina-boswank\/","url":"https:\/\/kultur-mitte.de\/en\/events\/sunday-art-makers-klangspuren-mit-dina-boswank\/","name":"Sunday Art Makers – »Klangspuren« mit Dina Boswank - Kultur Mitte","isPartOf":{"@id":"https:\/\/kultur-mitte.de\/en\/#website"},"primaryImageOfPage":{"@id":"https:\/\/kultur-mitte.de\/en\/events\/sunday-art-makers-klangspuren-mit-dina-boswank\/#primaryimage"},"image":{"@id":"https:\/\/kultur-mitte.de\/en\/events\/sunday-art-makers-klangspuren-mit-dina-boswank\/#primaryimage"},"thumbnailUrl":"https:\/\/kultur-mitte.de\/wp-content\/uploads\/2026\/03\/SAM_Einfaerbungen_Dina-683x1024-1.webp","datePublished":"2026-03-12T14:23:13+00:00","dateModified":"2026-03-12T14:23:14+00:00","breadcrumb":{"@id":"https:\/\/kultur-mitte.de\/en\/events\/sunday-art-makers-klangspuren-mit-dina-boswank\/#breadcrumb"},"inLanguage":"en-US","potentialAction":[{"@type":"ReadAction","target":["https:\/\/kultur-mitte.de\/en\/events\/sunday-art-makers-klangspuren-mit-dina-boswank\/"]}]},{"@type":"ImageObject","inLanguage":"en-US","@id":"https:\/\/kultur-mitte.de\/en\/events\/sunday-art-makers-klangspuren-mit-dina-boswank\/#primaryimage","url":"https:\/\/kultur-mitte.de\/wp-content\/uploads\/2026\/03\/SAM_Einfaerbungen_Dina-683x1024-1.webp","contentUrl":"https:\/\/kultur-mitte.de\/wp-content\/uploads\/2026\/03\/SAM_Einfaerbungen_Dina-683x1024-1.webp","width":683,"height":1024,"caption":"Technische Geräte"},{"@type":"BreadcrumbList","@id":"https:\/\/kultur-mitte.de\/en\/events\/sunday-art-makers-klangspuren-mit-dina-boswank\/#breadcrumb","itemListElement":[{"@type":"ListItem","position":1,"name":"Home","item":"https:\/\/kultur-mitte.de\/en\/"},{"@type":"ListItem","position":2,"name":"Termine","item":"https:\/\/kultur-mitte.de\/en\/events\/"},{"@type":"ListItem","position":3,"name":"Sunday Art Makers – »Klangspuren« mit Dina Boswank"}]},{"@type":"WebSite","@id":"https:\/\/kultur-mitte.de\/en\/#website","url":"https:\/\/kultur-mitte.de\/en\/","name":"Kultur Mitte","description":"","potentialAction":[{"@type":"SearchAction","target":{"@type":"EntryPoint","urlTemplate":"https:\/\/kultur-mitte.de\/en\/?s={search_term_string}"},"query-input":{"@type":"PropertyValueSpecification","valueRequired":true,"valueName":"search_term_string"}}],"inLanguage":"en-US"}]}</script>
<!-- / Yoast SEO plugin. -->

Wände, Nischen, Zäune – sie alle klingen, wenn man hinhört. Im Workshop lauschen wir den Räumen der Galerie und ihrer Umgebung, sammeln Rascheln, Echos, Klatschen, Flüstern. Gefundene Geräusche werden gezeichnet, geteilt, verstärkt und nachgeahmt. So entsteht ein kollektives Klangspiel, das Architektur, Körper und Fantasie verbindet. Mit einfachen Mitteln, selbstgebauten Instrumenten und Stimmen verwandeln wir Mauern... Read more &raquo;

Technische Geräte
