{"id":11005,"date":"2020-12-09T15:39:31","date_gmt":"2020-12-09T14:39:31","guid":{"rendered":"https:\/\/kultur-mitte.de\/team\/ulrike-stoehring\/"},"modified":"2021-06-08T12:55:50","modified_gmt":"2021-06-08T10:55:50","slug":"ulrike-stoehring","status":"publish","type":"ct_team","link":"https:\/\/kultur-mitte.de\/en\/team\/ulrike-stoehring\/","title":{"rendered":"Ulrike St\u00f6hring"},"content":{"rendered":"\n<p>MiK Jugendkunstschule, Atelier Farbklang<\/p>\n\n\n\n<p>Head of Atelier Farbklang<br>Ulrike St\u00f6hring<br>(030) 28 88 44 31<br><a href=\"mailto:ulrike.stoehring@kultur-mitte.de\">ulrike.stoehring@kultur-mitte.de<\/a> <\/p>\n\n\n\n<p>Atelier Farbklang<br>Auguststra\u00dfe 21<br>10117 Berlin<\/p>\n","protected":false},"author":2,"featured_media":11546,"comment_status":"open","ping_status":"open","template":"","meta":{"_acf_changed":false,"footnotes":""},"class_list":["post-11005","ct_team","type-ct_team","status-publish","has-post-thumbnail","hentry"],"acf":[],"yoast_head":"<!-- This site is optimized with the Yoast SEO plugin v27.5 - https:\/\/yoast.com\/product\/yoast-seo-wordpress\/ -->\n<title>Ulrike St\u00f6hring - Kultur Mitte<\/title>\n<meta name=\"robots\" content=\"index, follow, max-snippet:-1, max-image-preview:large, max-video-preview:-1\" \/>\n<link rel=\"canonical\" href=\"https:\/\/kultur-mitte.de\/en\/team\/ulrike-stoehring\/\" \/>\n<meta property=\"og:locale\" content=\"en_US\" \/>\n<meta property=\"og:type\" content=\"article\" \/>\n<meta property=\"og:title\" content=\"Ulrike St\u00f6hring - Kultur Mitte\" \/>\n<meta property=\"og:description\" content=\"MiK Jugendkunstschule, Atelier Farbklang Head of Atelier FarbklangUlrike St\u00f6hring(030) 28 88 44 31ulrike.stoehring@kultur-mitte.de Atelier FarbklangAuguststra\u00dfe 2110117 Berlin\" \/>\n<meta property=\"og:url\" content=\"https:\/\/kultur-mitte.de\/en\/team\/ulrike-stoehring\/\" \/>\n<meta property=\"og:site_name\" content=\"Kultur Mitte\" \/>\n<meta property=\"article:publisher\" content=\"https:\/\/www.facebook.com\/kulturmitte\/?locale=de_DE\" \/>\n<meta property=\"article:modified_time\" content=\"2021-06-08T10:55:50+00:00\" \/>\n<meta property=\"og:image\" content=\"https:\/\/kultur-mitte.de\/wp-content\/uploads\/2021\/04\/Stoehring-scaled.jpg\" \/>\n\t<meta property=\"og:image:width\" content=\"2560\" \/>\n\t<meta property=\"og:image:height\" content=\"1968\" \/>\n\t<meta property=\"og:image:type\" content=\"image\/jpeg\" \/>\n<meta name=\"twitter:card\" content=\"summary_large_image\" \/>\n<meta name=\"twitter:label1\" content=\"Est. reading time\" \/>\n\t<meta name=\"twitter:data1\" content=\"1 minute\" \/>\n<script type=\"application\/ld+json\" class=\"yoast-schema-graph\">{\"@context\":\"https:\\\/\\\/schema.org\",\"@graph\":[{\"@type\":\"WebPage\",\"@id\":\"https:\\\/\\\/kultur-mitte.de\\\/en\\\/team\\\/ulrike-stoehring\\\/\",\"url\":\"https:\\\/\\\/kultur-mitte.de\\\/en\\\/team\\\/ulrike-stoehring\\\/\",\"name\":\"Ulrike St\u00f6hring - Kultur Mitte\",\"isPartOf\":{\"@id\":\"https:\\\/\\\/kultur-mitte.de\\\/en\\\/#website\"},\"primaryImageOfPage\":{\"@id\":\"https:\\\/\\\/kultur-mitte.de\\\/en\\\/team\\\/ulrike-stoehring\\\/#primaryimage\"},\"image\":{\"@id\":\"https:\\\/\\\/kultur-mitte.de\\\/en\\\/team\\\/ulrike-stoehring\\\/#primaryimage\"},\"thumbnailUrl\":\"https:\\\/\\\/kultur-mitte.de\\\/wp-content\\\/uploads\\\/2021\\\/04\\\/Stoehring-scaled.jpg\",\"datePublished\":\"2020-12-09T14:39:31+00:00\",\"dateModified\":\"2021-06-08T10:55:50+00:00\",\"breadcrumb\":{\"@id\":\"https:\\\/\\\/kultur-mitte.de\\\/en\\\/team\\\/ulrike-stoehring\\\/#breadcrumb\"},\"inLanguage\":\"en-US\",\"potentialAction\":[{\"@type\":\"ReadAction\",\"target\":[\"https:\\\/\\\/kultur-mitte.de\\\/en\\\/team\\\/ulrike-stoehring\\\/\"]}]},{\"@type\":\"ImageObject\",\"inLanguage\":\"en-US\",\"@id\":\"https:\\\/\\\/kultur-mitte.de\\\/en\\\/team\\\/ulrike-stoehring\\\/#primaryimage\",\"url\":\"https:\\\/\\\/kultur-mitte.de\\\/wp-content\\\/uploads\\\/2021\\\/04\\\/Stoehring-scaled.jpg\",\"contentUrl\":\"https:\\\/\\\/kultur-mitte.de\\\/wp-content\\\/uploads\\\/2021\\\/04\\\/Stoehring-scaled.jpg\",\"width\":2560,\"height\":1968},{\"@type\":\"BreadcrumbList\",\"@id\":\"https:\\\/\\\/kultur-mitte.de\\\/en\\\/team\\\/ulrike-stoehring\\\/#breadcrumb\",\"itemListElement\":[{\"@type\":\"ListItem\",\"position\":1,\"name\":\"Home\",\"item\":\"https:\\\/\\\/kultur-mitte.de\\\/en\\\/\"},{\"@type\":\"ListItem\",\"position\":2,\"name\":\"Ulrike St\u00f6hring\"}]},{\"@type\":\"WebSite\",\"@id\":\"https:\\\/\\\/kultur-mitte.de\\\/en\\\/#website\",\"url\":\"https:\\\/\\\/kultur-mitte.de\\\/en\\\/\",\"name\":\"Kultur Mitte\",\"description\":\"\",\"potentialAction\":[{\"@type\":\"SearchAction\",\"target\":{\"@type\":\"EntryPoint\",\"urlTemplate\":\"https:\\\/\\\/kultur-mitte.de\\\/en\\\/?s={search_term_string}\"},\"query-input\":{\"@type\":\"PropertyValueSpecification\",\"valueRequired\":true,\"valueName\":\"search_term_string\"}}],\"inLanguage\":\"en-US\"}]}<\/script>\n<!-- \/ Yoast SEO plugin. -->","yoast_head_json":{"title":"Ulrike St\u00f6hring - Kultur Mitte","robots":{"index":"index","follow":"follow","max-snippet":"max-snippet:-1","max-image-preview":"max-image-preview:large","max-video-preview":"max-video-preview:-1"},"canonical":"https:\/\/kultur-mitte.de\/en\/team\/ulrike-stoehring\/","og_locale":"en_US","og_type":"article","og_title":"Ulrike St\u00f6hring - Kultur Mitte","og_description":"MiK Jugendkunstschule, Atelier Farbklang Head of Atelier FarbklangUlrike St\u00f6hring(030) 28 88 44 31ulrike.stoehring@kultur-mitte.de Atelier FarbklangAuguststra\u00dfe 2110117 Berlin","og_url":"https:\/\/kultur-mitte.de\/en\/team\/ulrike-stoehring\/","og_site_name":"Kultur Mitte","article_publisher":"https:\/\/www.facebook.com\/kulturmitte\/?locale=de_DE","article_modified_time":"2021-06-08T10:55:50+00:00","og_image":[{"width":2560,"height":1968,"url":"https:\/\/kultur-mitte.de\/wp-content\/uploads\/2021\/04\/Stoehring-scaled.jpg","type":"image\/jpeg"}],"twitter_card":"summary_large_image","twitter_misc":{"Est. reading time":"1 minute"},"schema":{"@context":"https:\/\/schema.org","@graph":[{"@type":"WebPage","@id":"https:\/\/kultur-mitte.de\/en\/team\/ulrike-stoehring\/","url":"https:\/\/kultur-mitte.de\/en\/team\/ulrike-stoehring\/","name":"Ulrike St\u00f6hring - Kultur Mitte","isPartOf":{"@id":"https:\/\/kultur-mitte.de\/en\/#website"},"primaryImageOfPage":{"@id":"https:\/\/kultur-mitte.de\/en\/team\/ulrike-stoehring\/#primaryimage"},"image":{"@id":"https:\/\/kultur-mitte.de\/en\/team\/ulrike-stoehring\/#primaryimage"},"thumbnailUrl":"https:\/\/kultur-mitte.de\/wp-content\/uploads\/2021\/04\/Stoehring-scaled.jpg","datePublished":"2020-12-09T14:39:31+00:00","dateModified":"2021-06-08T10:55:50+00:00","breadcrumb":{"@id":"https:\/\/kultur-mitte.de\/en\/team\/ulrike-stoehring\/#breadcrumb"},"inLanguage":"en-US","potentialAction":[{"@type":"ReadAction","target":["https:\/\/kultur-mitte.de\/en\/team\/ulrike-stoehring\/"]}]},{"@type":"ImageObject","inLanguage":"en-US","@id":"https:\/\/kultur-mitte.de\/en\/team\/ulrike-stoehring\/#primaryimage","url":"https:\/\/kultur-mitte.de\/wp-content\/uploads\/2021\/04\/Stoehring-scaled.jpg","contentUrl":"https:\/\/kultur-mitte.de\/wp-content\/uploads\/2021\/04\/Stoehring-scaled.jpg","width":2560,"height":1968},{"@type":"BreadcrumbList","@id":"https:\/\/kultur-mitte.de\/en\/team\/ulrike-stoehring\/#breadcrumb","itemListElement":[{"@type":"ListItem","position":1,"name":"Home","item":"https:\/\/kultur-mitte.de\/en\/"},{"@type":"ListItem","position":2,"name":"Ulrike St\u00f6hring"}]},{"@type":"WebSite","@id":"https:\/\/kultur-mitte.de\/en\/#website","url":"https:\/\/kultur-mitte.de\/en\/","name":"Kultur Mitte","description":"","potentialAction":[{"@type":"SearchAction","target":{"@type":"EntryPoint","urlTemplate":"https:\/\/kultur-mitte.de\/en\/?s={search_term_string}"},"query-input":{"@type":"PropertyValueSpecification","valueRequired":true,"valueName":"search_term_string"}}],"inLanguage":"en-US"}]}},"_links":{"self":[{"href":"https:\/\/kultur-mitte.de\/en\/wp-json\/wp\/v2\/ct_team\/11005","targetHints":{"allow":["GET"]}}],"collection":[{"href":"https:\/\/kultur-mitte.de\/en\/wp-json\/wp\/v2\/ct_team"}],"about":[{"href":"https:\/\/kultur-mitte.de\/en\/wp-json\/wp\/v2\/types\/ct_team"}],"author":[{"embeddable":true,"href":"https:\/\/kultur-mitte.de\/en\/wp-json\/wp\/v2\/users\/2"}],"replies":[{"embeddable":true,"href":"https:\/\/kultur-mitte.de\/en\/wp-json\/wp\/v2\/comments?post=11005"}],"version-history":[{"count":3,"href":"https:\/\/kultur-mitte.de\/en\/wp-json\/wp\/v2\/ct_team\/11005\/revisions"}],"predecessor-version":[{"id":11617,"href":"https:\/\/kultur-mitte.de\/en\/wp-json\/wp\/v2\/ct_team\/11005\/revisions\/11617"}],"wp:featuredmedia":[{"embeddable":true,"href":"https:\/\/kultur-mitte.de\/en\/wp-json\/wp\/v2\/media\/11546"}],"wp:attachment":[{"href":"https:\/\/kultur-mitte.de\/en\/wp-json\/wp\/v2\/media?parent=11005"}],"curies":[{"name":"wp","href":"https:\/\/api.w.org\/{rel}","templated":true}]}}

Ulrike Stöhring

<p>MiK Jugendkunstschule, Atelier Farbklang</p>



<p>Head of Atelier Farbklang<br>Ulrike Stöhring<br>(030) 28 88 44 31<br><a href="mailto:ulrike.stoehring@kultur-mitte.de">ulrike.stoehring@kultur-mitte.de</a> </p>



<p>Atelier Farbklang<br>Auguststraße 21<br>10117 Berlin</p>

<!-- This site is optimized with the Yoast SEO plugin v27.5 - https://yoast.com/product/yoast-seo-wordpress/ -->
<title>Ulrike Stöhring - Kultur Mitte</title>
<meta name="robots" content="index, follow, max-snippet:-1, max-image-preview:large, max-video-preview:-1" />
<link rel="canonical" href="https://kultur-mitte.de/en/team/ulrike-stoehring/" />
<meta property="og:locale" content="en_US" />
<meta property="og:type" content="article" />
<meta property="og:title" content="Ulrike Stöhring - Kultur Mitte" />
<meta property="og:description" content="MiK Jugendkunstschule, Atelier Farbklang Head of Atelier FarbklangUlrike Stöhring(030) 28 88 44 31ulrike.stoehring@kultur-mitte.de Atelier FarbklangAuguststraße 2110117 Berlin" />
<meta property="og:url" content="https://kultur-mitte.de/en/team/ulrike-stoehring/" />
<meta property="og:site_name" content="Kultur Mitte" />
<meta property="article:publisher" content="https://www.facebook.com/kulturmitte/?locale=de_DE" />
<meta property="article:modified_time" content="2021-06-08T10:55:50+00:00" />
<meta property="og:image" content="https://kultur-mitte.de/wp-content/uploads/2021/04/Stoehring-scaled.jpg" />
	<meta property="og:image:width" content="2560" />
	<meta property="og:image:height" content="1968" />
	<meta property="og:image:type" content="image/jpeg" />
<meta name="twitter:card" content="summary_large_image" />
<meta name="twitter:label1" content="Est. reading time" />
	<meta name="twitter:data1" content="1 minute" />
<script type="application/ld+json" class="yoast-schema-graph">{"@context":"https:\/\/schema.org","@graph":[{"@type":"WebPage","@id":"https:\/\/kultur-mitte.de\/en\/team\/ulrike-stoehring\/","url":"https:\/\/kultur-mitte.de\/en\/team\/ulrike-stoehring\/","name":"Ulrike Stöhring - Kultur Mitte","isPartOf":{"@id":"https:\/\/kultur-mitte.de\/en\/#website"},"primaryImageOfPage":{"@id":"https:\/\/kultur-mitte.de\/en\/team\/ulrike-stoehring\/#primaryimage"},"image":{"@id":"https:\/\/kultur-mitte.de\/en\/team\/ulrike-stoehring\/#primaryimage"},"thumbnailUrl":"https:\/\/kultur-mitte.de\/wp-content\/uploads\/2021\/04\/Stoehring-scaled.jpg","datePublished":"2020-12-09T14:39:31+00:00","dateModified":"2021-06-08T10:55:50+00:00","breadcrumb":{"@id":"https:\/\/kultur-mitte.de\/en\/team\/ulrike-stoehring\/#breadcrumb"},"inLanguage":"en-US","potentialAction":[{"@type":"ReadAction","target":["https:\/\/kultur-mitte.de\/en\/team\/ulrike-stoehring\/"]}]},{"@type":"ImageObject","inLanguage":"en-US","@id":"https:\/\/kultur-mitte.de\/en\/team\/ulrike-stoehring\/#primaryimage","url":"https:\/\/kultur-mitte.de\/wp-content\/uploads\/2021\/04\/Stoehring-scaled.jpg","contentUrl":"https:\/\/kultur-mitte.de\/wp-content\/uploads\/2021\/04\/Stoehring-scaled.jpg","width":2560,"height":1968},{"@type":"BreadcrumbList","@id":"https:\/\/kultur-mitte.de\/en\/team\/ulrike-stoehring\/#breadcrumb","itemListElement":[{"@type":"ListItem","position":1,"name":"Home","item":"https:\/\/kultur-mitte.de\/en\/"},{"@type":"ListItem","position":2,"name":"Ulrike Stöhring"}]},{"@type":"WebSite","@id":"https:\/\/kultur-mitte.de\/en\/#website","url":"https:\/\/kultur-mitte.de\/en\/","name":"Kultur Mitte","description":"","potentialAction":[{"@type":"SearchAction","target":{"@type":"EntryPoint","urlTemplate":"https:\/\/kultur-mitte.de\/en\/?s={search_term_string}"},"query-input":{"@type":"PropertyValueSpecification","valueRequired":true,"valueName":"search_term_string"}}],"inLanguage":"en-US"}]}</script>
<!-- / Yoast SEO plugin. -->

Ulrike Stöhring - Kultur Mitte

MiK Jugendkunstschule, Atelier Farbklang Head of Atelier FarbklangUlrike Stöhring(030) 28 88 44 31ulrike.stoehring@kultur-mitte.de Atelier FarbklangAuguststraße 2110117 Berlin
